{"id":10101,"date":"2025-03-11T10:39:31","date_gmt":"2025-03-11T09:39:31","guid":{"rendered":"https:\/\/firesifestes.es\/evento\/folkandratx-festival\/"},"modified":"2025-03-11T10:40:59","modified_gmt":"2025-03-11T09:40:59","slug":"folkandratx-festival","status":"publish","type":"mec-events","link":"https:\/\/firesifestes.es\/es\/evento\/folkandratx-festival\/","title":{"rendered":"FolkAndratx Festival"},"content":{"rendered":"<p>Los d\u00edas 5 y 6 de abril se celebra la segunda edici\u00f3n del <strong>FolkAndratx<\/strong>. Este a\u00f1o llegan al municipio mallorqu\u00edn el <strong>Grupo de Danzas San Sebasti\u00e1n<\/strong> de Reinosa, Cantabria, y el <strong>Coros y Danzas Rosa del Azafr\u00e1n<\/strong> de Consuegra, Toledo. Estos, junto con el grupo local <strong>Aires d&#8217;Andratx<\/strong>, amenizar\u00e1n el festival de m\u00fasica tradicional que tiene lugar un a\u00f1o m\u00e1s en Andratx.<\/p>\n<p>El <strong>5 de abril a las 18 h<\/strong> se llevar\u00e1 a cabo una recepci\u00f3n y desfile desde <strong>Son Mas<\/strong> hasta la <strong>Pla\u00e7a d&#8217;Espanya de Andratx<\/strong>. Por otro lado, el <strong>6 de abril a las 11 h<\/strong>, los grupos actuar\u00e1n frente al <strong>bar Barba-Roja<\/strong>.<\/p>\n","protected":false},"excerpt":{"rendered":"<p>Los d\u00edas 5 y 6 de abril se celebra la segunda edici\u00f3n del FolkAndratx. Este a\u00f1o llegan al municipio mallorqu\u00edn el Grupo de Danzas San Sebasti\u00e1n de Reinosa, Cantabria, y el Coros y Danzas Rosa del Azafr\u00e1n de Consuegra, Toledo. Estos, junto con el grupo local Aires d&#8217;Andratx, amenizar\u00e1n el festival de m\u00fasica tradicional que [&hellip;]<\/p>\n","protected":false},"author":5,"featured_media":10099,"comment_status":"closed","ping_status":"closed","template":"","tags":[],"mec_category":[272],"class_list":["post-10101","mec-events","type-mec-events","status-publish","has-post-thumbnail","hentry","mec_category-musica-y-teatro"],"acf":[],"aioseo_notices":[],"_links":{"self":[{"href":"https:\/\/firesifestes.es\/es\/wp-json\/wp\/v2\/mec-events\/10101","targetHints":{"allow":["GET"]}}],"collection":[{"href":"https:\/\/firesifestes.es\/es\/wp-json\/wp\/v2\/mec-events"}],"about":[{"href":"https:\/\/firesifestes.es\/es\/wp-json\/wp\/v2\/types\/mec-events"}],"author":[{"embeddable":true,"href":"https:\/\/firesifestes.es\/es\/wp-json\/wp\/v2\/users\/5"}],"replies":[{"embeddable":true,"href":"https:\/\/firesifestes.es\/es\/wp-json\/wp\/v2\/comments?post=10101"}],"version-history":[{"count":0,"href":"https:\/\/firesifestes.es\/es\/wp-json\/wp\/v2\/mec-events\/10101\/revisions"}],"wp:featuredmedia":[{"embeddable":true,"href":"https:\/\/firesifestes.es\/es\/wp-json\/wp\/v2\/media\/10099"}],"wp:attachment":[{"href":"https:\/\/firesifestes.es\/es\/wp-json\/wp\/v2\/media?parent=10101"}],"wp:term":[{"taxonomy":"post_tag","embeddable":true,"href":"https:\/\/firesifestes.es\/es\/wp-json\/wp\/v2\/tags?post=10101"},{"taxonomy":"mec_category","embeddable":true,"href":"https:\/\/firesifestes.es\/es\/wp-json\/wp\/v2\/mec_category?post=10101"}],"curies":[{"name":"wp","href":"https:\/\/api.w.org\/{rel}","templated":true}]}}

<p>Los días 5 y 6 de abril se celebra la segunda edición del <strong>FolkAndratx</strong>. Este año llegan al municipio mallorquín el <strong>Grupo de Danzas San Sebastián</strong> de Reinosa, Cantabria, y el <strong>Coros y Danzas Rosa del Azafrán</strong> de Consuegra, Toledo. Estos, junto con el grupo local <strong>Aires d&#8217;Andratx</strong>, amenizarán el festival de música tradicional que tiene lugar un año más en Andratx.</p>
<p>El <strong>5 de abril a las 18 h</strong> se llevará a cabo una recepción y desfile desde <strong>Son Mas</strong> hasta la <strong>Plaça d&#8217;Espanya de Andratx</strong>. Por otro lado, el <strong>6 de abril a las 11 h</strong>, los grupos actuarán frente al <strong>bar Barba-Roja</strong>.</p>

<p>Los días 5 y 6 de abril se celebra la segunda edición del FolkAndratx. Este año llegan al municipio mallorquín el Grupo de Danzas San Sebastián de Reinosa, Cantabria, y el Coros y Danzas Rosa del Azafrán de Consuegra, Toledo. Estos, junto con el grupo local Aires d&#8217;Andratx, amenizarán el festival de música tradicional que [&hellip;]</p>
