{"id":10134,"date":"2025-03-11T11:21:54","date_gmt":"2025-03-11T10:21:54","guid":{"rendered":"https:\/\/firesifestes.es\/evento\/liebeslieder-amics-festa-i-cancons-damor\/"},"modified":"2025-03-11T11:23:18","modified_gmt":"2025-03-11T10:23:18","slug":"liebeslieder-amics-festa-i-cancons-damor","status":"publish","type":"mec-events","link":"https:\/\/firesifestes.es\/es\/evento\/liebeslieder-amics-festa-i-cancons-damor\/","title":{"rendered":"\u00abLiebeslieder\u00bb amigos, fiesta y canciones de amor"},"content":{"rendered":"<p><strong>Liebeslieder<\/strong> es un concierto donde la m\u00fasica, la fiesta, los amigos y las canciones de amor ser\u00e1n los protagonistas. Tendr\u00e1 lugar en tres espacios diferentes:<\/p>\n<ul>\n<li><strong>8 de marzo a las 12 h<\/strong> en el <strong>Conservatorio Profesional de Palma<\/strong><\/li>\n<li><strong>13 de marzo a las 20 h<\/strong> en el <strong>Conservatorio de Felanitx<\/strong><\/li>\n<li><strong>15 de marzo a las 19 h<\/strong> en la <strong>Parroquia de Sant Ramon Penyafort del Port de S\u00f3ller<\/strong><\/li>\n<\/ul>\n<p><strong>La entrada es gratuita<\/strong>. No te pierdas esta oportunidad de disfrutar de un evento lleno de emoci\u00f3n y buena m\u00fasica.<\/p>\n","protected":false},"excerpt":{"rendered":"<p>Liebeslieder es un concierto donde la m\u00fasica, la fiesta, los amigos y las canciones de amor ser\u00e1n los protagonistas. Tendr\u00e1 lugar en tres espacios diferentes: 8 de marzo a las 12 h en el Conservatorio Profesional de Palma 13 de marzo a las 20 h en el Conservatorio de Felanitx 15 de marzo a las [&hellip;]<\/p>\n","protected":false},"author":5,"featured_media":10132,"comment_status":"closed","ping_status":"closed","template":"","tags":[],"mec_category":[272],"class_list":["post-10134","mec-events","type-mec-events","status-publish","has-post-thumbnail","hentry","mec_category-musica-y-teatro"],"acf":[],"aioseo_notices":[],"_links":{"self":[{"href":"https:\/\/firesifestes.es\/es\/wp-json\/wp\/v2\/mec-events\/10134","targetHints":{"allow":["GET"]}}],"collection":[{"href":"https:\/\/firesifestes.es\/es\/wp-json\/wp\/v2\/mec-events"}],"about":[{"href":"https:\/\/firesifestes.es\/es\/wp-json\/wp\/v2\/types\/mec-events"}],"author":[{"embeddable":true,"href":"https:\/\/firesifestes.es\/es\/wp-json\/wp\/v2\/users\/5"}],"replies":[{"embeddable":true,"href":"https:\/\/firesifestes.es\/es\/wp-json\/wp\/v2\/comments?post=10134"}],"version-history":[{"count":0,"href":"https:\/\/firesifestes.es\/es\/wp-json\/wp\/v2\/mec-events\/10134\/revisions"}],"wp:featuredmedia":[{"embeddable":true,"href":"https:\/\/firesifestes.es\/es\/wp-json\/wp\/v2\/media\/10132"}],"wp:attachment":[{"href":"https:\/\/firesifestes.es\/es\/wp-json\/wp\/v2\/media?parent=10134"}],"wp:term":[{"taxonomy":"post_tag","embeddable":true,"href":"https:\/\/firesifestes.es\/es\/wp-json\/wp\/v2\/tags?post=10134"},{"taxonomy":"mec_category","embeddable":true,"href":"https:\/\/firesifestes.es\/es\/wp-json\/wp\/v2\/mec_category?post=10134"}],"curies":[{"name":"wp","href":"https:\/\/api.w.org\/{rel}","templated":true}]}}

<p><strong>Liebeslieder</strong> es un concierto donde la música, la fiesta, los amigos y las canciones de amor serán los protagonistas. Tendrá lugar en tres espacios diferentes:</p>
<ul>
<li><strong>8 de marzo a las 12 h</strong> en el <strong>Conservatorio Profesional de Palma</strong></li>
<li><strong>13 de marzo a las 20 h</strong> en el <strong>Conservatorio de Felanitx</strong></li>
<li><strong>15 de marzo a las 19 h</strong> en la <strong>Parroquia de Sant Ramon Penyafort del Port de Sóller</strong></li>
</ul>
<p><strong>La entrada es gratuita</strong>. No te pierdas esta oportunidad de disfrutar de un evento lleno de emoción y buena música.</p>

<p>Liebeslieder es un concierto donde la música, la fiesta, los amigos y las canciones de amor serán los protagonistas. Tendrá lugar en tres espacios diferentes: 8 de marzo a las 12 h en el Conservatorio Profesional de Palma 13 de marzo a las 20 h en el Conservatorio de Felanitx 15 de marzo a las [&hellip;]</p>
