{"id":10397,"date":"2025-03-21T12:02:16","date_gmt":"2025-03-21T11:02:16","guid":{"rendered":"https:\/\/firesifestes.es\/evento\/fira-de-son-ferriol-2025\/"},"modified":"2025-03-21T12:03:32","modified_gmt":"2025-03-21T11:03:32","slug":"fira-de-son-ferriol-2025","status":"publish","type":"mec-events","link":"https:\/\/firesifestes.es\/es\/evento\/fira-de-son-ferriol-2025\/","title":{"rendered":"Fira de Son Ferriol 2025"},"content":{"rendered":"<p>El s\u00e1bado 29 y el domingo 30 de marzo, Son Ferriol celebra una nueva edici\u00f3n de la Feria Agr\u00edcola y Ganadera. Consulta toda la programaci\u00f3n:<\/p>\n<p><img loading=\"lazy\" decoding=\"async\" class=\"alignnone size-medium wp-image-10392\" src=\"https:\/\/firesifestes.es\/wp-content\/uploads\/2025\/03\/Captura-de-pantalla-2025-03-21-a-las-12.00.44-242x300.png\" alt=\"\" width=\"242\" height=\"300\" \/><\/p>\n","protected":false},"excerpt":{"rendered":"<p>El s\u00e1bado 29 y el domingo 30 de marzo, Son Ferriol celebra una nueva edici\u00f3n de la Feria Agr\u00edcola y Ganadera. Consulta toda la programaci\u00f3n:<\/p>\n","protected":false},"author":5,"featured_media":10395,"comment_status":"closed","ping_status":"closed","template":"","tags":[],"mec_category":[270],"class_list":["post-10397","mec-events","type-mec-events","status-publish","has-post-thumbnail","hentry","mec_category-ferias-y-fiestas"],"acf":[],"aioseo_notices":[],"_links":{"self":[{"href":"https:\/\/firesifestes.es\/es\/wp-json\/wp\/v2\/mec-events\/10397","targetHints":{"allow":["GET"]}}],"collection":[{"href":"https:\/\/firesifestes.es\/es\/wp-json\/wp\/v2\/mec-events"}],"about":[{"href":"https:\/\/firesifestes.es\/es\/wp-json\/wp\/v2\/types\/mec-events"}],"author":[{"embeddable":true,"href":"https:\/\/firesifestes.es\/es\/wp-json\/wp\/v2\/users\/5"}],"replies":[{"embeddable":true,"href":"https:\/\/firesifestes.es\/es\/wp-json\/wp\/v2\/comments?post=10397"}],"version-history":[{"count":0,"href":"https:\/\/firesifestes.es\/es\/wp-json\/wp\/v2\/mec-events\/10397\/revisions"}],"wp:featuredmedia":[{"embeddable":true,"href":"https:\/\/firesifestes.es\/es\/wp-json\/wp\/v2\/media\/10395"}],"wp:attachment":[{"href":"https:\/\/firesifestes.es\/es\/wp-json\/wp\/v2\/media?parent=10397"}],"wp:term":[{"taxonomy":"post_tag","embeddable":true,"href":"https:\/\/firesifestes.es\/es\/wp-json\/wp\/v2\/tags?post=10397"},{"taxonomy":"mec_category","embeddable":true,"href":"https:\/\/firesifestes.es\/es\/wp-json\/wp\/v2\/mec_category?post=10397"}],"curies":[{"name":"wp","href":"https:\/\/api.w.org\/{rel}","templated":true}]}}

<p>El sábado 29 y el domingo 30 de marzo, Son Ferriol celebra una nueva edición de la Feria Agrícola y Ganadera. Consulta toda la programación:</p>
<p><img loading="lazy" decoding="async" class="alignnone size-medium wp-image-10392" src="https://firesifestes.es/wp-content/uploads/2025/03/Captura-de-pantalla-2025-03-21-a-las-12.00.44-242x300.png" alt="" width="242" height="300" /></p>

<p>El sábado 29 y el domingo 30 de marzo, Son Ferriol celebra una nueva edición de la Feria Agrícola y Ganadera. Consulta toda la programación:</p>
