{"id":10727,"date":"2025-03-27T13:02:48","date_gmt":"2025-03-27T12:02:48","guid":{"rendered":"https:\/\/firesifestes.es\/?post_type=mec-events&#038;p=10727"},"modified":"2025-03-27T13:03:50","modified_gmt":"2025-03-27T12:03:50","slug":"pastora-soler-en-los-conciertos-de-es-jardi","status":"publish","type":"mec-events","link":"https:\/\/firesifestes.es\/es\/evento\/pastora-soler-en-los-conciertos-de-es-jardi\/","title":{"rendered":"Pastora Soler en los conciertos de Es Jard\u00ed"},"content":{"rendered":"<p>El <strong>11 de julio<\/strong>, <strong>Pastora Soler<\/strong> llega al <strong>Recinto Mallorca Live<\/strong> dentro del festival <strong>Es Jard\u00ed<\/strong> para celebrar sus <strong>30 a\u00f1os de carrera musical<\/strong> con la gira <em>\u201cRosas y Espinas \u2013 30 A\u00f1os\u201d<\/em>. Con una de las <strong>voces m\u00e1s potentes del panorama nacional<\/strong>, la artista andaluza ofrecer\u00e1 un espect\u00e1culo lleno de recuerdos, \u00e9xitos y emoci\u00f3n, con una puesta en escena cuidada tanto a nivel <strong>musical como visual<\/strong>. Sonidos de <strong>flamenco, copla y pop<\/strong> se dar\u00e1n cita en una noche muy especial para todos sus fans. <strong>Entradas desde 30\u202f\u20ac<\/strong>.<\/p>\n","protected":false},"excerpt":{"rendered":"<p>El 11 de julio, Pastora Soler llega al Recinto Mallorca Live dentro del festival Es Jard\u00ed para celebrar sus 30 a\u00f1os de carrera musical con la gira \u201cRosas y Espinas \u2013 30 A\u00f1os\u201d. Con una de las voces m\u00e1s potentes del panorama nacional, la artista andaluza ofrecer\u00e1 un espect\u00e1culo lleno de recuerdos, \u00e9xitos y emoci\u00f3n, [&hellip;]<\/p>\n","protected":false},"author":5,"featured_media":10728,"comment_status":"closed","ping_status":"closed","template":"","tags":[],"mec_category":[272],"class_list":["post-10727","mec-events","type-mec-events","status-publish","has-post-thumbnail","hentry","mec_category-musica-y-teatro"],"acf":[],"aioseo_notices":[],"_links":{"self":[{"href":"https:\/\/firesifestes.es\/es\/wp-json\/wp\/v2\/mec-events\/10727","targetHints":{"allow":["GET"]}}],"collection":[{"href":"https:\/\/firesifestes.es\/es\/wp-json\/wp\/v2\/mec-events"}],"about":[{"href":"https:\/\/firesifestes.es\/es\/wp-json\/wp\/v2\/types\/mec-events"}],"author":[{"embeddable":true,"href":"https:\/\/firesifestes.es\/es\/wp-json\/wp\/v2\/users\/5"}],"replies":[{"embeddable":true,"href":"https:\/\/firesifestes.es\/es\/wp-json\/wp\/v2\/comments?post=10727"}],"version-history":[{"count":2,"href":"https:\/\/firesifestes.es\/es\/wp-json\/wp\/v2\/mec-events\/10727\/revisions"}],"predecessor-version":[{"id":10733,"href":"https:\/\/firesifestes.es\/es\/wp-json\/wp\/v2\/mec-events\/10727\/revisions\/10733"}],"wp:featuredmedia":[{"embeddable":true,"href":"https:\/\/firesifestes.es\/es\/wp-json\/wp\/v2\/media\/10728"}],"wp:attachment":[{"href":"https:\/\/firesifestes.es\/es\/wp-json\/wp\/v2\/media?parent=10727"}],"wp:term":[{"taxonomy":"post_tag","embeddable":true,"href":"https:\/\/firesifestes.es\/es\/wp-json\/wp\/v2\/tags?post=10727"},{"taxonomy":"mec_category","embeddable":true,"href":"https:\/\/firesifestes.es\/es\/wp-json\/wp\/v2\/mec_category?post=10727"}],"curies":[{"name":"wp","href":"https:\/\/api.w.org\/{rel}","templated":true}]}}

Pastora Soler en los conciertos de Es Jardí

<p>El <strong>11 de julio</strong>, <strong>Pastora Soler</strong> llega al <strong>Recinto Mallorca Live</strong> dentro del festival <strong>Es Jardí</strong> para celebrar sus <strong>30 años de carrera musical</strong> con la gira <em>“Rosas y Espinas – 30 Años”</em>. Con una de las <strong>voces más potentes del panorama nacional</strong>, la artista andaluza ofrecerá un espectáculo lleno de recuerdos, éxitos y emoción, con una puesta en escena cuidada tanto a nivel <strong>musical como visual</strong>. Sonidos de <strong>flamenco, copla y pop</strong> se darán cita en una noche muy especial para todos sus fans. <strong>Entradas desde 30 €</strong>.</p>

<p>El 11 de julio, Pastora Soler llega al Recinto Mallorca Live dentro del festival Es Jardí para celebrar sus 30 años de carrera musical con la gira “Rosas y Espinas – 30 Años”. Con una de las voces más potentes del panorama nacional, la artista andaluza ofrecerá un espectáculo lleno de recuerdos, éxitos y emoción, [&hellip;]</p>
