{"id":11888,"date":"2025-04-15T12:34:55","date_gmt":"2025-04-15T10:34:55","guid":{"rendered":"https:\/\/firesifestes.es\/evento\/sant-jordi-a-sa-pobla\/"},"modified":"2025-04-15T12:36:01","modified_gmt":"2025-04-15T10:36:01","slug":"sant-jordi-a-sa-pobla","status":"publish","type":"mec-events","link":"https:\/\/firesifestes.es\/es\/evento\/sant-jordi-a-sa-pobla\/","title":{"rendered":"Sant Jordi en Sa Pobla"},"content":{"rendered":"<p>Sa Pobla prepara un Sant Jordi inolvidable. El martes 29, de 9 h a 20 h, en la plaza Mayor de Sa Pobla, se podr\u00e1 disfrutar de una feria del libro. No obstante, la programaci\u00f3n para celebrar Sant Jordi en este municipio es muy variada. <a href=\"https:\/\/sapobla.cat\/sites\/cilma_sa_pobla\/files\/2025-04\/2466%20-%20AJSP%20-%20Sant%20Jordi%20programaci%C3%B3%202025.pdf\">Consulta toda la informaci\u00f3n clicando aqu\u00ed.<\/a><\/p>\n","protected":false},"excerpt":{"rendered":"<p>Sa Pobla prepara un Sant Jordi inolvidable. El martes 29, de 9 h a 20 h, en la plaza Mayor de Sa Pobla, se podr\u00e1 disfrutar de una feria del libro. No obstante, la programaci\u00f3n para celebrar Sant Jordi en este municipio es muy variada. Consulta toda la informaci\u00f3n clicando aqu\u00ed.<\/p>\n","protected":false},"author":5,"featured_media":11886,"comment_status":"closed","ping_status":"closed","template":"","tags":[],"mec_category":[270],"class_list":["post-11888","mec-events","type-mec-events","status-publish","has-post-thumbnail","hentry","mec_category-ferias-y-fiestas"],"acf":[],"aioseo_notices":[],"_links":{"self":[{"href":"https:\/\/firesifestes.es\/es\/wp-json\/wp\/v2\/mec-events\/11888","targetHints":{"allow":["GET"]}}],"collection":[{"href":"https:\/\/firesifestes.es\/es\/wp-json\/wp\/v2\/mec-events"}],"about":[{"href":"https:\/\/firesifestes.es\/es\/wp-json\/wp\/v2\/types\/mec-events"}],"author":[{"embeddable":true,"href":"https:\/\/firesifestes.es\/es\/wp-json\/wp\/v2\/users\/5"}],"replies":[{"embeddable":true,"href":"https:\/\/firesifestes.es\/es\/wp-json\/wp\/v2\/comments?post=11888"}],"version-history":[{"count":1,"href":"https:\/\/firesifestes.es\/es\/wp-json\/wp\/v2\/mec-events\/11888\/revisions"}],"predecessor-version":[{"id":11889,"href":"https:\/\/firesifestes.es\/es\/wp-json\/wp\/v2\/mec-events\/11888\/revisions\/11889"}],"wp:featuredmedia":[{"embeddable":true,"href":"https:\/\/firesifestes.es\/es\/wp-json\/wp\/v2\/media\/11886"}],"wp:attachment":[{"href":"https:\/\/firesifestes.es\/es\/wp-json\/wp\/v2\/media?parent=11888"}],"wp:term":[{"taxonomy":"post_tag","embeddable":true,"href":"https:\/\/firesifestes.es\/es\/wp-json\/wp\/v2\/tags?post=11888"},{"taxonomy":"mec_category","embeddable":true,"href":"https:\/\/firesifestes.es\/es\/wp-json\/wp\/v2\/mec_category?post=11888"}],"curies":[{"name":"wp","href":"https:\/\/api.w.org\/{rel}","templated":true}]}}

<p>Sa Pobla prepara un Sant Jordi inolvidable. El martes 29, de 9 h a 20 h, en la plaza Mayor de Sa Pobla, se podrá disfrutar de una feria del libro. No obstante, la programación para celebrar Sant Jordi en este municipio es muy variada. <a href="https://sapobla.cat/sites/cilma_sa_pobla/files/2025-04/2466%20-%20AJSP%20-%20Sant%20Jordi%20programaci%C3%B3%202025.pdf">Consulta toda la información clicando aquí.</a></p>

<p>Sa Pobla prepara un Sant Jordi inolvidable. El martes 29, de 9 h a 20 h, en la plaza Mayor de Sa Pobla, se podrá disfrutar de una feria del libro. No obstante, la programación para celebrar Sant Jordi en este municipio es muy variada. Consulta toda la información clicando aquí.</p>
