{"id":12264,"date":"2025-04-20T11:59:58","date_gmt":"2025-04-20T09:59:58","guid":{"rendered":"https:\/\/firesifestes.es\/evento\/xiii-fira-esportiva-a-algaida\/"},"modified":"2025-04-20T12:01:17","modified_gmt":"2025-04-20T10:01:17","slug":"xiii-fira-esportiva-a-algaida","status":"publish","type":"mec-events","link":"https:\/\/firesifestes.es\/es\/evento\/xiii-fira-esportiva-a-algaida\/","title":{"rendered":"XIII Fira esportiva en Algaida"},"content":{"rendered":"<p>El pr\u00f3ximo jueves 1 de mayo se celebra la XIII Milla de Algaida 2025, una jornada dedicada al deporte, la salud y el bienestar para todas las edades. Adem\u00e1s de las carreras, el programa incluye una clase de zumba, actividades infantiles y una feria de salud en la plaza. La recaudaci\u00f3n obtenida con los dorsales se destinar\u00e1 \u00edntegramente a la compra de \u00e1rboles para el municipio. Las inscripciones est\u00e1n abiertas para todos los que quieran participar, ya sea corriendo o caminando.<\/p>\n<p><strong>Programa de actividades:<\/strong><\/p>\n<ul>\n<li>9:30 h \u2013 Recogida de dorsales carrera 8 km<\/li>\n<li>10:30 h \u2013 Carrera 8 km y entrega de premios<\/li>\n<li>9:30 a 11:45 h \u2013 Recogida de dorsales Milla<\/li>\n<li>11:30 h \u2013 Clase de zumba con On Fitness<\/li>\n<li>12:00 h \u2013 Milla (no competitiva)<\/li>\n<\/ul>\n<p><strong>De 10 a 13 h, en la plaza:<\/strong><\/p>\n<ul>\n<li>Feria de salud y bienestar<\/li>\n<li>Actividades deportivas infantiles en la Placeta de la Iglesia y la Placeta des Sitjar<\/li>\n<\/ul>\n","protected":false},"excerpt":{"rendered":"<p>El pr\u00f3ximo jueves 1 de mayo se celebra la XIII Milla de Algaida 2025, una jornada dedicada al deporte, la salud y el bienestar para todas las edades. Adem\u00e1s de las carreras, el programa incluye una clase de zumba, actividades infantiles y una feria de salud en la plaza. La recaudaci\u00f3n obtenida con los dorsales [&hellip;]<\/p>\n","protected":false},"author":5,"featured_media":12262,"comment_status":"closed","ping_status":"closed","template":"","tags":[],"mec_category":[270],"class_list":["post-12264","mec-events","type-mec-events","status-publish","has-post-thumbnail","hentry","mec_category-ferias-y-fiestas"],"acf":[],"aioseo_notices":[],"_links":{"self":[{"href":"https:\/\/firesifestes.es\/es\/wp-json\/wp\/v2\/mec-events\/12264","targetHints":{"allow":["GET"]}}],"collection":[{"href":"https:\/\/firesifestes.es\/es\/wp-json\/wp\/v2\/mec-events"}],"about":[{"href":"https:\/\/firesifestes.es\/es\/wp-json\/wp\/v2\/types\/mec-events"}],"author":[{"embeddable":true,"href":"https:\/\/firesifestes.es\/es\/wp-json\/wp\/v2\/users\/5"}],"replies":[{"embeddable":true,"href":"https:\/\/firesifestes.es\/es\/wp-json\/wp\/v2\/comments?post=12264"}],"version-history":[{"count":1,"href":"https:\/\/firesifestes.es\/es\/wp-json\/wp\/v2\/mec-events\/12264\/revisions"}],"predecessor-version":[{"id":12265,"href":"https:\/\/firesifestes.es\/es\/wp-json\/wp\/v2\/mec-events\/12264\/revisions\/12265"}],"wp:featuredmedia":[{"embeddable":true,"href":"https:\/\/firesifestes.es\/es\/wp-json\/wp\/v2\/media\/12262"}],"wp:attachment":[{"href":"https:\/\/firesifestes.es\/es\/wp-json\/wp\/v2\/media?parent=12264"}],"wp:term":[{"taxonomy":"post_tag","embeddable":true,"href":"https:\/\/firesifestes.es\/es\/wp-json\/wp\/v2\/tags?post=12264"},{"taxonomy":"mec_category","embeddable":true,"href":"https:\/\/firesifestes.es\/es\/wp-json\/wp\/v2\/mec_category?post=12264"}],"curies":[{"name":"wp","href":"https:\/\/api.w.org\/{rel}","templated":true}]}}

<p>El próximo jueves 1 de mayo se celebra la XIII Milla de Algaida 2025, una jornada dedicada al deporte, la salud y el bienestar para todas las edades. Además de las carreras, el programa incluye una clase de zumba, actividades infantiles y una feria de salud en la plaza. La recaudación obtenida con los dorsales se destinará íntegramente a la compra de árboles para el municipio. Las inscripciones están abiertas para todos los que quieran participar, ya sea corriendo o caminando.</p>
<p><strong>Programa de actividades:</strong></p>
<ul>
<li>9:30 h – Recogida de dorsales carrera 8 km</li>
<li>10:30 h – Carrera 8 km y entrega de premios</li>
<li>9:30 a 11:45 h – Recogida de dorsales Milla</li>
<li>11:30 h – Clase de zumba con On Fitness</li>
<li>12:00 h – Milla (no competitiva)</li>
</ul>
<p><strong>De 10 a 13 h, en la plaza:</strong></p>
<ul>
<li>Feria de salud y bienestar</li>
<li>Actividades deportivas infantiles en la Placeta de la Iglesia y la Placeta des Sitjar</li>
</ul>

<p>El próximo jueves 1 de mayo se celebra la XIII Milla de Algaida 2025, una jornada dedicada al deporte, la salud y el bienestar para todas las edades. Además de las carreras, el programa incluye una clase de zumba, actividades infantiles y una feria de salud en la plaza. La recaudación obtenida con los dorsales [&hellip;]</p>
