{"id":13527,"date":"2025-06-10T15:57:29","date_gmt":"2025-06-10T13:57:29","guid":{"rendered":"https:\/\/firesifestes.es\/evento\/festes-de-sant-joan-a-mancor-de-la-vall\/"},"modified":"2025-06-10T15:58:40","modified_gmt":"2025-06-10T13:58:40","slug":"festes-de-sant-joan-a-mancor-de-la-vall","status":"publish","type":"mec-events","link":"https:\/\/firesifestes.es\/es\/evento\/festes-de-sant-joan-a-mancor-de-la-vall\/","title":{"rendered":"Fiestas de Sant Joan en Mancor de la Vall"},"content":{"rendered":"<p>Llega la tradici\u00f3n a Mancor de la Vall para celebrar la noche m\u00e1s larga del a\u00f1o. Del 13 al 24 de junio, realizar\u00e1n numerosas actividades. Cons\u00faltalas todas clicando en \u00abM\u00e1s informaci\u00f3n\u00bb.<\/p>\n","protected":false},"excerpt":{"rendered":"<p>Llega la tradici\u00f3n a Mancor de la Vall para celebrar la noche m\u00e1s larga del a\u00f1o. Del 13 al 24 de junio, realizar\u00e1n numerosas actividades. Cons\u00faltalas todas clicando en \u00abM\u00e1s informaci\u00f3n\u00bb.<\/p>\n","protected":false},"author":5,"featured_media":13525,"comment_status":"closed","ping_status":"closed","template":"","tags":[],"mec_category":[270],"class_list":["post-13527","mec-events","type-mec-events","status-publish","has-post-thumbnail","hentry","mec_category-ferias-y-fiestas"],"acf":[],"aioseo_notices":[],"_links":{"self":[{"href":"https:\/\/firesifestes.es\/es\/wp-json\/wp\/v2\/mec-events\/13527","targetHints":{"allow":["GET"]}}],"collection":[{"href":"https:\/\/firesifestes.es\/es\/wp-json\/wp\/v2\/mec-events"}],"about":[{"href":"https:\/\/firesifestes.es\/es\/wp-json\/wp\/v2\/types\/mec-events"}],"author":[{"embeddable":true,"href":"https:\/\/firesifestes.es\/es\/wp-json\/wp\/v2\/users\/5"}],"replies":[{"embeddable":true,"href":"https:\/\/firesifestes.es\/es\/wp-json\/wp\/v2\/comments?post=13527"}],"version-history":[{"count":1,"href":"https:\/\/firesifestes.es\/es\/wp-json\/wp\/v2\/mec-events\/13527\/revisions"}],"predecessor-version":[{"id":13528,"href":"https:\/\/firesifestes.es\/es\/wp-json\/wp\/v2\/mec-events\/13527\/revisions\/13528"}],"wp:featuredmedia":[{"embeddable":true,"href":"https:\/\/firesifestes.es\/es\/wp-json\/wp\/v2\/media\/13525"}],"wp:attachment":[{"href":"https:\/\/firesifestes.es\/es\/wp-json\/wp\/v2\/media?parent=13527"}],"wp:term":[{"taxonomy":"post_tag","embeddable":true,"href":"https:\/\/firesifestes.es\/es\/wp-json\/wp\/v2\/tags?post=13527"},{"taxonomy":"mec_category","embeddable":true,"href":"https:\/\/firesifestes.es\/es\/wp-json\/wp\/v2\/mec_category?post=13527"}],"curies":[{"name":"wp","href":"https:\/\/api.w.org\/{rel}","templated":true}]}}

<p>Llega la tradición a Mancor de la Vall para celebrar la noche más larga del año. Del 13 al 24 de junio, realizarán numerosas actividades. Consúltalas todas clicando en «Más información».</p>
