{"id":14093,"date":"2025-07-11T13:51:55","date_gmt":"2025-07-11T11:51:55","guid":{"rendered":"https:\/\/firesifestes.es\/evento\/lyricandles-els-aromes-de-la-lirica-a-bunyola\/"},"modified":"2025-07-11T13:53:00","modified_gmt":"2025-07-11T11:53:00","slug":"lyricandles-els-aromes-de-la-lirica-a-bunyola","status":"publish","type":"mec-events","link":"https:\/\/firesifestes.es\/es\/evento\/lyricandles-els-aromes-de-la-lirica-a-bunyola\/","title":{"rendered":"\u00abLyricandles: els aromes de la l\u00edrica\u00bb en Bunyola"},"content":{"rendered":"<p data-start=\"1009\" data-end=\"1388\">El pr\u00f3ximo mi\u00e9rcoles 23 de julio a las 21:30 h, los Jardines de Alf\u00e0bia en Bunyola acoger\u00e1n una velada singular en la que m\u00fasica y aromas se fusionan para ofrecer una experiencia sensorial \u00fanica. Bajo el t\u00edtulo <em data-start=\"1220\" data-end=\"1258\">Lyricandles: los aromas de la l\u00edrica<\/em>, el p\u00fablico podr\u00e1 disfrutar de un concierto l\u00edrico con la soprano Maia Planas, el bar\u00edtono Pablo L\u00f3pez y el pianista Marc Laliga.<\/p>\n<p data-start=\"1390\" data-end=\"1717\">La propuesta se completa con las esencias creadas por Carmen P\u00e9rez y Martina Rodr\u00edguez, que acompa\u00f1ar\u00e1n la actuaci\u00f3n y contribuir\u00e1n a generar una atm\u00f3sfera envolvente. Las entradas tienen un precio de 10 euros y ya se pueden adquirir en el Ayuntamiento. Una cita para dejarse llevar por los sentidos en un entorno incomparable.<\/p>\n","protected":false},"excerpt":{"rendered":"<p>El pr\u00f3ximo mi\u00e9rcoles 23 de julio a las 21:30 h, los Jardines de Alf\u00e0bia en Bunyola acoger\u00e1n una velada singular en la que m\u00fasica y aromas se fusionan para ofrecer una experiencia sensorial \u00fanica. Bajo el t\u00edtulo Lyricandles: los aromas de la l\u00edrica, el p\u00fablico podr\u00e1 disfrutar de un concierto l\u00edrico con la soprano Maia [&hellip;]<\/p>\n","protected":false},"author":5,"featured_media":14091,"comment_status":"closed","ping_status":"closed","template":"","tags":[],"mec_category":[272],"class_list":["post-14093","mec-events","type-mec-events","status-publish","has-post-thumbnail","hentry","mec_category-musica-y-teatro"],"acf":[],"aioseo_notices":[],"_links":{"self":[{"href":"https:\/\/firesifestes.es\/es\/wp-json\/wp\/v2\/mec-events\/14093","targetHints":{"allow":["GET"]}}],"collection":[{"href":"https:\/\/firesifestes.es\/es\/wp-json\/wp\/v2\/mec-events"}],"about":[{"href":"https:\/\/firesifestes.es\/es\/wp-json\/wp\/v2\/types\/mec-events"}],"author":[{"embeddable":true,"href":"https:\/\/firesifestes.es\/es\/wp-json\/wp\/v2\/users\/5"}],"replies":[{"embeddable":true,"href":"https:\/\/firesifestes.es\/es\/wp-json\/wp\/v2\/comments?post=14093"}],"version-history":[{"count":1,"href":"https:\/\/firesifestes.es\/es\/wp-json\/wp\/v2\/mec-events\/14093\/revisions"}],"predecessor-version":[{"id":14094,"href":"https:\/\/firesifestes.es\/es\/wp-json\/wp\/v2\/mec-events\/14093\/revisions\/14094"}],"wp:featuredmedia":[{"embeddable":true,"href":"https:\/\/firesifestes.es\/es\/wp-json\/wp\/v2\/media\/14091"}],"wp:attachment":[{"href":"https:\/\/firesifestes.es\/es\/wp-json\/wp\/v2\/media?parent=14093"}],"wp:term":[{"taxonomy":"post_tag","embeddable":true,"href":"https:\/\/firesifestes.es\/es\/wp-json\/wp\/v2\/tags?post=14093"},{"taxonomy":"mec_category","embeddable":true,"href":"https:\/\/firesifestes.es\/es\/wp-json\/wp\/v2\/mec_category?post=14093"}],"curies":[{"name":"wp","href":"https:\/\/api.w.org\/{rel}","templated":true}]}}

«Lyricandles: els aromes de la lírica» en Bunyola

<p data-start="1009" data-end="1388">El próximo miércoles 23 de julio a las 21:30 h, los Jardines de Alfàbia en Bunyola acogerán una velada singular en la que música y aromas se fusionan para ofrecer una experiencia sensorial única. Bajo el título <em data-start="1220" data-end="1258">Lyricandles: los aromas de la lírica</em>, el público podrá disfrutar de un concierto lírico con la soprano Maia Planas, el barítono Pablo López y el pianista Marc Laliga.</p>
<p data-start="1390" data-end="1717">La propuesta se completa con las esencias creadas por Carmen Pérez y Martina Rodríguez, que acompañarán la actuación y contribuirán a generar una atmósfera envolvente. Las entradas tienen un precio de 10 euros y ya se pueden adquirir en el Ayuntamiento. Una cita para dejarse llevar por los sentidos en un entorno incomparable.</p>

<p>El próximo miércoles 23 de julio a las 21:30 h, los Jardines de Alfàbia en Bunyola acogerán una velada singular en la que música y aromas se fusionan para ofrecer una experiencia sensorial única. Bajo el título Lyricandles: los aromas de la lírica, el público podrá disfrutar de un concierto lírico con la soprano Maia [&hellip;]</p>
