{"id":14292,"date":"2025-07-28T08:52:25","date_gmt":"2025-07-28T06:52:25","guid":{"rendered":"https:\/\/firesifestes.es\/evento\/ii-mostra-de-cinema-documental-a-sarraco\/"},"modified":"2025-08-06T14:54:30","modified_gmt":"2025-08-06T12:54:30","slug":"ii-mostra-de-cinema-documental-a-sarraco","status":"publish","type":"mec-events","link":"https:\/\/firesifestes.es\/es\/evento\/ii-mostra-de-cinema-documental-a-sarraco\/","title":{"rendered":"II Muestra de Cine documental en s&#8217;Arrac\u00f3"},"content":{"rendered":"<p>Los d\u00edas <strong>16, 17, 29 y 30 de agosto<\/strong>, <strong>s\u2019Arrac\u00f3<\/strong> ser\u00e1 el escenario de la <strong>II Muestra de Cine Documental<\/strong>, una iniciativa cultural que, coincidiendo con las fiestas patronales, pone en valor la relaci\u00f3n entre cine, territorio y memoria. Esta segunda edici\u00f3n ha sido posible gracias a la colaboraci\u00f3n conjunta con el <strong>Ayuntamiento de Andratx<\/strong>.<\/p>\n<p>La muestra ofrece una selecci\u00f3n de <strong>12 piezas audiovisuales<\/strong> \u20144 largometrajes y 8 cortometrajes\u2014 que exploran tem\u00e1ticas como el territorio, la ruralidad y la identidad, donde el paisaje se convierte en un elemento esencial de la narrativa. Esta edici\u00f3n pretende establecer un di\u00e1logo abierto entre las pel\u00edculas y el propio pueblo, con proyecciones que comenzar\u00e1n a las <strong>21:00 h<\/strong>, acompa\u00f1adas de coloquios, entrevistas locales y una propuesta gastron\u00f3mica de <strong>\u201ctapa expr\u00e9s\u201d<\/strong> para mantener la continuidad del acto.<\/p>\n<p>Entre las actividades destacadas se encuentra la exposici\u00f3n <strong>\u201cEl vuelo del suelo\u201d<\/strong>, una exploraci\u00f3n \u00edntima de la arquitectura popular de Mallorca, vista a trav\u00e9s de la mirada po\u00e9tica y curiosa de <strong>Carles H. Gelabert<\/strong>, comisariada por <strong>Juanma Valent\u00edn<\/strong>; la presentaci\u00f3n del proyecto <strong>\u201cArchivo Vivo de Andratx\u201d<\/strong>, dedicado a la memoria oral local; y la proyecci\u00f3n del documental escolar <strong>\u201cEspai Natura \u2013 CEIP Els Molins de s\u2019Arrac\u00f3\u201d<\/strong>.<\/p>\n<p>La muestra contar\u00e1 con la presencia de varios directores y creadores participantes, que presentar\u00e1n sus obras y debatir\u00e1n con el p\u00fablico. Entre ellos destacan:<\/p>\n<ul>\n<li><strong>Maci\u00e0 Florit<\/strong>, director de <em>Pedra P\u00e0tria<\/em><\/li>\n<li><strong>Alba Bresol\u00ed Aliberch<\/strong>, directora de <em>El bon Auguri<\/em><\/li>\n<li><strong>Ingrid Ferrer<\/strong>, directora de <em>Una corda lligada en l\u2019espai<\/em><\/li>\n<li><strong>\u00c0lex Diosc\u00f3rides<\/strong>, director de <em>Pedra i Oli<\/em><\/li>\n<li><strong>Josep Alorda<\/strong>, director de <em>En el nom de les flors<\/em><\/li>\n<li><strong>Arpad Bondy<\/strong>, director de <em>Von Einem der Auszog (1977)<\/em> y <em>El arte de lo sencillo<\/em>, junto con <strong>Magdalena Puigserver<\/strong><\/li>\n<li><strong>Jordi Su\u00e1rez<\/strong>, asistente de direcci\u00f3n de <em>Catalina i Magaluf<\/em><\/li>\n<\/ul>\n<p>Todas las actividades son <strong>gratuitas<\/strong> y <strong>abiertas al p\u00fablico<\/strong>. Los horarios pueden variar ligeramente en funci\u00f3n del desarrollo de las sesiones.<\/p>\n<p>Una cita imprescindible para los amantes del cine y la cultura de proximidad.<\/p>\n","protected":false},"excerpt":{"rendered":"<p>Los d\u00edas 16, 17, 29 y 30 de agosto, s\u2019Arrac\u00f3 ser\u00e1 el escenario de la II Muestra de Cine Documental, una iniciativa cultural que, coincidiendo con las fiestas patronales, pone en valor la relaci\u00f3n entre cine, territorio y memoria. Esta segunda edici\u00f3n ha sido posible gracias a la colaboraci\u00f3n conjunta con el Ayuntamiento de Andratx. [&hellip;]<\/p>\n","protected":false},"author":5,"featured_media":14290,"comment_status":"closed","ping_status":"closed","template":"","tags":[],"mec_category":[268],"class_list":["post-14292","mec-events","type-mec-events","status-publish","has-post-thumbnail","hentry","mec_category-arte-i-exposiciones"],"acf":[],"aioseo_notices":[],"_links":{"self":[{"href":"https:\/\/firesifestes.es\/es\/wp-json\/wp\/v2\/mec-events\/14292","targetHints":{"allow":["GET"]}}],"collection":[{"href":"https:\/\/firesifestes.es\/es\/wp-json\/wp\/v2\/mec-events"}],"about":[{"href":"https:\/\/firesifestes.es\/es\/wp-json\/wp\/v2\/types\/mec-events"}],"author":[{"embeddable":true,"href":"https:\/\/firesifestes.es\/es\/wp-json\/wp\/v2\/users\/5"}],"replies":[{"embeddable":true,"href":"https:\/\/firesifestes.es\/es\/wp-json\/wp\/v2\/comments?post=14292"}],"version-history":[{"count":2,"href":"https:\/\/firesifestes.es\/es\/wp-json\/wp\/v2\/mec-events\/14292\/revisions"}],"predecessor-version":[{"id":14568,"href":"https:\/\/firesifestes.es\/es\/wp-json\/wp\/v2\/mec-events\/14292\/revisions\/14568"}],"wp:featuredmedia":[{"embeddable":true,"href":"https:\/\/firesifestes.es\/es\/wp-json\/wp\/v2\/media\/14290"}],"wp:attachment":[{"href":"https:\/\/firesifestes.es\/es\/wp-json\/wp\/v2\/media?parent=14292"}],"wp:term":[{"taxonomy":"post_tag","embeddable":true,"href":"https:\/\/firesifestes.es\/es\/wp-json\/wp\/v2\/tags?post=14292"},{"taxonomy":"mec_category","embeddable":true,"href":"https:\/\/firesifestes.es\/es\/wp-json\/wp\/v2\/mec_category?post=14292"}],"curies":[{"name":"wp","href":"https:\/\/api.w.org\/{rel}","templated":true}]}}

II Muestra de Cine documental en s&#8217;Arracó

<p>Los días <strong>16, 17, 29 y 30 de agosto</strong>, <strong>s’Arracó</strong> será el escenario de la <strong>II Muestra de Cine Documental</strong>, una iniciativa cultural que, coincidiendo con las fiestas patronales, pone en valor la relación entre cine, territorio y memoria. Esta segunda edición ha sido posible gracias a la colaboración conjunta con el <strong>Ayuntamiento de Andratx</strong>.</p>
<p>La muestra ofrece una selección de <strong>12 piezas audiovisuales</strong> —4 largometrajes y 8 cortometrajes— que exploran temáticas como el territorio, la ruralidad y la identidad, donde el paisaje se convierte en un elemento esencial de la narrativa. Esta edición pretende establecer un diálogo abierto entre las películas y el propio pueblo, con proyecciones que comenzarán a las <strong>21:00 h</strong>, acompañadas de coloquios, entrevistas locales y una propuesta gastronómica de <strong>“tapa exprés”</strong> para mantener la continuidad del acto.</p>
<p>Entre las actividades destacadas se encuentra la exposición <strong>“El vuelo del suelo”</strong>, una exploración íntima de la arquitectura popular de Mallorca, vista a través de la mirada poética y curiosa de <strong>Carles H. Gelabert</strong>, comisariada por <strong>Juanma Valentín</strong>; la presentación del proyecto <strong>“Archivo Vivo de Andratx”</strong>, dedicado a la memoria oral local; y la proyección del documental escolar <strong>“Espai Natura – CEIP Els Molins de s’Arracó”</strong>.</p>
<p>La muestra contará con la presencia de varios directores y creadores participantes, que presentarán sus obras y debatirán con el público. Entre ellos destacan:</p>
<ul>
<li><strong>Macià Florit</strong>, director de <em>Pedra Pàtria</em></li>
<li><strong>Alba Bresolí Aliberch</strong>, directora de <em>El bon Auguri</em></li>
<li><strong>Ingrid Ferrer</strong>, directora de <em>Una corda lligada en l’espai</em></li>
<li><strong>Àlex Dioscórides</strong>, director de <em>Pedra i Oli</em></li>
<li><strong>Josep Alorda</strong>, director de <em>En el nom de les flors</em></li>
<li><strong>Arpad Bondy</strong>, director de <em>Von Einem der Auszog (1977)</em> y <em>El arte de lo sencillo</em>, junto con <strong>Magdalena Puigserver</strong></li>
<li><strong>Jordi Suárez</strong>, asistente de dirección de <em>Catalina i Magaluf</em></li>
</ul>
<p>Todas las actividades son <strong>gratuitas</strong> y <strong>abiertas al público</strong>. Los horarios pueden variar ligeramente en función del desarrollo de las sesiones.</p>
<p>Una cita imprescindible para los amantes del cine y la cultura de proximidad.</p>

<p>Los días 16, 17, 29 y 30 de agosto, s’Arracó será el escenario de la II Muestra de Cine Documental, una iniciativa cultural que, coincidiendo con las fiestas patronales, pone en valor la relación entre cine, territorio y memoria. Esta segunda edición ha sido posible gracias a la colaboración conjunta con el Ayuntamiento de Andratx. [&hellip;]</p>
