{"id":14381,"date":"2025-07-31T12:55:45","date_gmt":"2025-07-31T10:55:45","guid":{"rendered":"https:\/\/firesifestes.es\/evento\/100-anys-de-verbenes-de-felanitx\/"},"modified":"2025-07-31T13:00:49","modified_gmt":"2025-07-31T11:00:49","slug":"100-anys-de-verbenes-de-felanitx","status":"publish","type":"mec-events","link":"https:\/\/firesifestes.es\/es\/evento\/100-anys-de-verbenes-de-felanitx\/","title":{"rendered":"100 A\u00f1os de Verbenas de Felanitx"},"content":{"rendered":"<p>Este a\u00f1o, Felanitx celebra un hito \u00fanico: \u00a1los 100 a\u00f1os de verbenas por San Agust\u00edn!<\/p>\n<p>&nbsp;<\/p>\n<p>La ocasi\u00f3n mecer\u00eda una gran celebraci\u00f3n, y as\u00ed ser\u00e1: durante nueve d\u00edas, entre el 22 y el 31 de agosto, los conciertos, la m\u00fasica y la fiesta estar\u00e0n m\u00e1s que asegurados:<\/p>\n<p>&nbsp;<\/p>\n<ul>\n<li>22 de agosto &#8211; Especial: 100 A\u00f1os de Verbenas en Felanitx.<\/li>\n<li>23 de agosto &#8211; Artistas: Oques Grasses, Figa Flawas, Cabot, Blu Nana, Bona Ventura y DJ BJ.<\/li>\n<li>24 de agosto &#8211; Musical infantil: La Familia Madrigal.<\/li>\n<li>25 de agosto &#8211; Verbena de gente mayor: \u00abPamboliada\u00bb.<\/li>\n<li>26 de agosto &#8211; Artistas: Amaral y Maria Hein.<\/li>\n<li>28 de agosto &#8211; Artistas: Ipop&#8217;s, Horris Kamoi y La D\u00e9cada Prodigiosa.<\/li>\n<li>29 de agosto &#8211; Artistas: Lori Meyers, L.A, La Mujer de Verde, Sor Esti\u00e9rcol y Freebipples DJ.<\/li>\n<li>30 de agosto &#8211; Artistas: M\u00e4go de Oz, Black Cats, Forasters, Hijos de Matx\u00edn, La Hoguera y DJ Romi.<\/li>\n<li>31 de agosto &#8211; Agust\u00edn el Casta + Final de fiestas.<\/li>\n<\/ul>\n<p>&nbsp;<\/p>\n<p>Consulta la programaci\u00f3n y disponibilidad de los conciertos pulsando el bot\u00f3n \u00abM\u00e9s informaci\u00f3 aqu\u00ed\u00bb.<\/p>\n","protected":false},"excerpt":{"rendered":"<p>Este a\u00f1o, Felanitx celebra un hito \u00fanico: \u00a1los 100 a\u00f1os de verbenas por San Agust\u00edn! &nbsp; La ocasi\u00f3n mecer\u00eda una gran celebraci\u00f3n, y as\u00ed ser\u00e1: durante nueve d\u00edas, entre el 22 y el 31 de agosto, los conciertos, la m\u00fasica y la fiesta estar\u00e0n m\u00e1s que asegurados: &nbsp; 22 de agosto &#8211; Especial: 100 A\u00f1os [&hellip;]<\/p>\n","protected":false},"author":4,"featured_media":14379,"comment_status":"closed","ping_status":"closed","template":"","tags":[],"mec_category":[272],"class_list":["post-14381","mec-events","type-mec-events","status-publish","has-post-thumbnail","hentry","mec_category-musica-y-teatro"],"acf":[],"aioseo_notices":[],"_links":{"self":[{"href":"https:\/\/firesifestes.es\/es\/wp-json\/wp\/v2\/mec-events\/14381","targetHints":{"allow":["GET"]}}],"collection":[{"href":"https:\/\/firesifestes.es\/es\/wp-json\/wp\/v2\/mec-events"}],"about":[{"href":"https:\/\/firesifestes.es\/es\/wp-json\/wp\/v2\/types\/mec-events"}],"author":[{"embeddable":true,"href":"https:\/\/firesifestes.es\/es\/wp-json\/wp\/v2\/users\/4"}],"replies":[{"embeddable":true,"href":"https:\/\/firesifestes.es\/es\/wp-json\/wp\/v2\/comments?post=14381"}],"version-history":[{"count":2,"href":"https:\/\/firesifestes.es\/es\/wp-json\/wp\/v2\/mec-events\/14381\/revisions"}],"predecessor-version":[{"id":14383,"href":"https:\/\/firesifestes.es\/es\/wp-json\/wp\/v2\/mec-events\/14381\/revisions\/14383"}],"wp:featuredmedia":[{"embeddable":true,"href":"https:\/\/firesifestes.es\/es\/wp-json\/wp\/v2\/media\/14379"}],"wp:attachment":[{"href":"https:\/\/firesifestes.es\/es\/wp-json\/wp\/v2\/media?parent=14381"}],"wp:term":[{"taxonomy":"post_tag","embeddable":true,"href":"https:\/\/firesifestes.es\/es\/wp-json\/wp\/v2\/tags?post=14381"},{"taxonomy":"mec_category","embeddable":true,"href":"https:\/\/firesifestes.es\/es\/wp-json\/wp\/v2\/mec_category?post=14381"}],"curies":[{"name":"wp","href":"https:\/\/api.w.org\/{rel}","templated":true}]}}

100 Años de Verbenas de Felanitx

<p>Este año, Felanitx celebra un hito único: ¡los 100 años de verbenas por San Agustín!</p>
<p>&nbsp;</p>
<p>La ocasión mecería una gran celebración, y así será: durante nueve días, entre el 22 y el 31 de agosto, los conciertos, la música y la fiesta estaràn más que asegurados:</p>
<p>&nbsp;</p>
<ul>
<li>22 de agosto &#8211; Especial: 100 Años de Verbenas en Felanitx.</li>
<li>23 de agosto &#8211; Artistas: Oques Grasses, Figa Flawas, Cabot, Blu Nana, Bona Ventura y DJ BJ.</li>
<li>24 de agosto &#8211; Musical infantil: La Familia Madrigal.</li>
<li>25 de agosto &#8211; Verbena de gente mayor: «Pamboliada».</li>
<li>26 de agosto &#8211; Artistas: Amaral y Maria Hein.</li>
<li>28 de agosto &#8211; Artistas: Ipop&#8217;s, Horris Kamoi y La Década Prodigiosa.</li>
<li>29 de agosto &#8211; Artistas: Lori Meyers, L.A, La Mujer de Verde, Sor Estiércol y Freebipples DJ.</li>
<li>30 de agosto &#8211; Artistas: Mägo de Oz, Black Cats, Forasters, Hijos de Matxín, La Hoguera y DJ Romi.</li>
<li>31 de agosto &#8211; Agustín el Casta + Final de fiestas.</li>
</ul>
<p>&nbsp;</p>
<p>Consulta la programación y disponibilidad de los conciertos pulsando el botón «Més informació aquí».</p>

<p>Este año, Felanitx celebra un hito único: ¡los 100 años de verbenas por San Agustín! &nbsp; La ocasión mecería una gran celebración, y así será: durante nueve días, entre el 22 y el 31 de agosto, los conciertos, la música y la fiesta estaràn más que asegurados: &nbsp; 22 de agosto &#8211; Especial: 100 Años [&hellip;]</p>
