{"id":14520,"date":"2025-08-05T11:23:46","date_gmt":"2025-08-05T09:23:46","guid":{"rendered":"https:\/\/firesifestes.es\/evento\/festes-de-sant-bartomeu-a-ses-salines\/"},"modified":"2025-08-05T11:26:21","modified_gmt":"2025-08-05T09:26:21","slug":"festes-de-sant-bartomeu-a-ses-salines","status":"publish","type":"mec-events","link":"https:\/\/firesifestes.es\/es\/evento\/festes-de-sant-bartomeu-a-ses-salines\/","title":{"rendered":"Fiestas de Sant Bartomeu en Ses Salines"},"content":{"rendered":"<p data-start=\"1324\" data-end=\"1573\">El municipio de <strong data-start=\"1340\" data-end=\"1355\">Ses Salines<\/strong> da la bienvenida a una nueva edici\u00f3n de las <strong data-start=\"1400\" data-end=\"1427\">Festes de Sant Bartomeu<\/strong>, que tendr\u00e1n lugar entre el <strong data-start=\"1456\" data-end=\"1480\">13 y el 30 de agosto<\/strong>, con un programa que combina tradici\u00f3n, m\u00fasica, cultura y actividades para todas las edades.<\/p>\n<p data-start=\"1575\" data-end=\"1962\">Durante estas dos semanas, las calles y plazas del pueblo se llenan de ambiente festivo con conciertos, teatro, cine al aire libre, actividades infantiles, deportes, exposiciones y actos tradicionales. Uno de los momentos m\u00e1s esperados del calendario es la <strong data-start=\"1832\" data-end=\"1860\">revetla de Sant Bartomeu<\/strong>, as\u00ed como las celebraciones lit\u00fargicas que cada a\u00f1o re\u00fanen a vecinos y visitantes.<\/p>\n<p data-start=\"2112\" data-end=\"2176\"><strong data-start=\"2112\" data-end=\"2176\">Consulta el programa completo clicando en \u00abM\u00e1s informaci\u00f3n\u00bb.<\/strong><\/p>\n","protected":false},"excerpt":{"rendered":"<p>El municipio de Ses Salines da la bienvenida a una nueva edici\u00f3n de las Festes de Sant Bartomeu, que tendr\u00e1n lugar entre el 13 y el 30 de agosto, con un programa que combina tradici\u00f3n, m\u00fasica, cultura y actividades para todas las edades. Durante estas dos semanas, las calles y plazas del pueblo se llenan [&hellip;]<\/p>\n","protected":false},"author":5,"featured_media":14518,"comment_status":"closed","ping_status":"closed","template":"","tags":[],"mec_category":[270],"class_list":["post-14520","mec-events","type-mec-events","status-publish","has-post-thumbnail","hentry","mec_category-ferias-y-fiestas"],"acf":[],"aioseo_notices":[],"_links":{"self":[{"href":"https:\/\/firesifestes.es\/es\/wp-json\/wp\/v2\/mec-events\/14520","targetHints":{"allow":["GET"]}}],"collection":[{"href":"https:\/\/firesifestes.es\/es\/wp-json\/wp\/v2\/mec-events"}],"about":[{"href":"https:\/\/firesifestes.es\/es\/wp-json\/wp\/v2\/types\/mec-events"}],"author":[{"embeddable":true,"href":"https:\/\/firesifestes.es\/es\/wp-json\/wp\/v2\/users\/5"}],"replies":[{"embeddable":true,"href":"https:\/\/firesifestes.es\/es\/wp-json\/wp\/v2\/comments?post=14520"}],"version-history":[{"count":2,"href":"https:\/\/firesifestes.es\/es\/wp-json\/wp\/v2\/mec-events\/14520\/revisions"}],"predecessor-version":[{"id":14522,"href":"https:\/\/firesifestes.es\/es\/wp-json\/wp\/v2\/mec-events\/14520\/revisions\/14522"}],"wp:featuredmedia":[{"embeddable":true,"href":"https:\/\/firesifestes.es\/es\/wp-json\/wp\/v2\/media\/14518"}],"wp:attachment":[{"href":"https:\/\/firesifestes.es\/es\/wp-json\/wp\/v2\/media?parent=14520"}],"wp:term":[{"taxonomy":"post_tag","embeddable":true,"href":"https:\/\/firesifestes.es\/es\/wp-json\/wp\/v2\/tags?post=14520"},{"taxonomy":"mec_category","embeddable":true,"href":"https:\/\/firesifestes.es\/es\/wp-json\/wp\/v2\/mec_category?post=14520"}],"curies":[{"name":"wp","href":"https:\/\/api.w.org\/{rel}","templated":true}]}}

<p data-start="1324" data-end="1573">El municipio de <strong data-start="1340" data-end="1355">Ses Salines</strong> da la bienvenida a una nueva edición de las <strong data-start="1400" data-end="1427">Festes de Sant Bartomeu</strong>, que tendrán lugar entre el <strong data-start="1456" data-end="1480">13 y el 30 de agosto</strong>, con un programa que combina tradición, música, cultura y actividades para todas las edades.</p>
<p data-start="1575" data-end="1962">Durante estas dos semanas, las calles y plazas del pueblo se llenan de ambiente festivo con conciertos, teatro, cine al aire libre, actividades infantiles, deportes, exposiciones y actos tradicionales. Uno de los momentos más esperados del calendario es la <strong data-start="1832" data-end="1860">revetla de Sant Bartomeu</strong>, así como las celebraciones litúrgicas que cada año reúnen a vecinos y visitantes.</p>
<p data-start="2112" data-end="2176"><strong data-start="2112" data-end="2176">Consulta el programa completo clicando en «Más información».</strong></p>

<p>El municipio de Ses Salines da la bienvenida a una nueva edición de las Festes de Sant Bartomeu, que tendrán lugar entre el 13 y el 30 de agosto, con un programa que combina tradición, música, cultura y actividades para todas las edades. Durante estas dos semanas, las calles y plazas del pueblo se llenan [&hellip;]</p>
