{"id":15082,"date":"2025-10-06T19:25:04","date_gmt":"2025-10-06T17:25:04","guid":{"rendered":"https:\/\/firesifestes.es\/?post_type=mec-events&#038;p=15082"},"modified":"2025-10-10T13:56:57","modified_gmt":"2025-10-10T11:56:57","slug":"dia-de-la-solidaridad-por-un-futuro-sin-parkinson","status":"publish","type":"mec-events","link":"https:\/\/firesifestes.es\/es\/evento\/dia-de-la-solidaridad-por-un-futuro-sin-parkinson\/","title":{"rendered":"D\u00eda de la Solidaridad: Por un futuro sin p\u00e1rkinson"},"content":{"rendered":"<p>El <strong data-start=\"1164\" data-end=\"1181\">18 de octubre<\/strong>, el <strong data-start=\"1186\" data-end=\"1223\">Polideportivo Virginia Torrecilla de Son Servera<\/strong> celebra la <strong data-start=\"1235\" data-end=\"1289\">Jornada Solidaria \u201cKm por un futuro sin Parkinson\u201d<\/strong>, con actividades deportivas, m\u00fasica en directo y servicio de bar. Todo lo recaudado se destinar\u00e1 a la <strong data-start=\"1392\" data-end=\"1426\">Asociaci\u00f3n Balear de Parkinson<\/strong>.<\/p>\n","protected":false},"excerpt":{"rendered":"<p>El 18 de octubre, el Polideportivo Virginia Torrecilla de Son Servera celebra la Jornada Solidaria \u201cKm por un futuro sin Parkinson\u201d, con actividades deportivas, m\u00fasica en directo y servicio de bar. Todo lo recaudado se destinar\u00e1 a la Asociaci\u00f3n Balear de Parkinson.<\/p>\n","protected":false},"author":5,"featured_media":15147,"comment_status":"closed","ping_status":"closed","template":"","tags":[],"mec_category":[270],"class_list":["post-15082","mec-events","type-mec-events","status-publish","has-post-thumbnail","hentry","mec_category-ferias-y-fiestas"],"acf":[],"aioseo_notices":[],"_links":{"self":[{"href":"https:\/\/firesifestes.es\/es\/wp-json\/wp\/v2\/mec-events\/15082","targetHints":{"allow":["GET"]}}],"collection":[{"href":"https:\/\/firesifestes.es\/es\/wp-json\/wp\/v2\/mec-events"}],"about":[{"href":"https:\/\/firesifestes.es\/es\/wp-json\/wp\/v2\/types\/mec-events"}],"author":[{"embeddable":true,"href":"https:\/\/firesifestes.es\/es\/wp-json\/wp\/v2\/users\/5"}],"replies":[{"embeddable":true,"href":"https:\/\/firesifestes.es\/es\/wp-json\/wp\/v2\/comments?post=15082"}],"version-history":[{"count":3,"href":"https:\/\/firesifestes.es\/es\/wp-json\/wp\/v2\/mec-events\/15082\/revisions"}],"predecessor-version":[{"id":15149,"href":"https:\/\/firesifestes.es\/es\/wp-json\/wp\/v2\/mec-events\/15082\/revisions\/15149"}],"wp:featuredmedia":[{"embeddable":true,"href":"https:\/\/firesifestes.es\/es\/wp-json\/wp\/v2\/media\/15147"}],"wp:attachment":[{"href":"https:\/\/firesifestes.es\/es\/wp-json\/wp\/v2\/media?parent=15082"}],"wp:term":[{"taxonomy":"post_tag","embeddable":true,"href":"https:\/\/firesifestes.es\/es\/wp-json\/wp\/v2\/tags?post=15082"},{"taxonomy":"mec_category","embeddable":true,"href":"https:\/\/firesifestes.es\/es\/wp-json\/wp\/v2\/mec_category?post=15082"}],"curies":[{"name":"wp","href":"https:\/\/api.w.org\/{rel}","templated":true}]}}

Día de la Solidaridad: Por un futuro sin párkinson

<p>El <strong data-start="1164" data-end="1181">18 de octubre</strong>, el <strong data-start="1186" data-end="1223">Polideportivo Virginia Torrecilla de Son Servera</strong> celebra la <strong data-start="1235" data-end="1289">Jornada Solidaria “Km por un futuro sin Parkinson”</strong>, con actividades deportivas, música en directo y servicio de bar. Todo lo recaudado se destinará a la <strong data-start="1392" data-end="1426">Asociación Balear de Parkinson</strong>.</p>

<p>El 18 de octubre, el Polideportivo Virginia Torrecilla de Son Servera celebra la Jornada Solidaria “Km por un futuro sin Parkinson”, con actividades deportivas, música en directo y servicio de bar. Todo lo recaudado se destinará a la Asociación Balear de Parkinson.</p>
