{"id":15262,"date":"2025-10-21T21:20:10","date_gmt":"2025-10-21T19:20:10","guid":{"rendered":"https:\/\/firesifestes.es\/evento\/the-most-beautiful-day-musica-i-art-al-parc-de-la-mar\/"},"modified":"2025-10-21T21:22:12","modified_gmt":"2025-10-21T19:22:12","slug":"the-most-beautiful-day-musica-i-art-al-parc-de-la-mar","status":"publish","type":"mec-events","link":"https:\/\/firesifestes.es\/es\/evento\/the-most-beautiful-day-musica-i-art-al-parc-de-la-mar\/","title":{"rendered":"THE MOST BEAUTIFUL DAY: m\u00fasica en directo en el Parc de la Mar"},"content":{"rendered":"<p data-start=\"3583\" data-end=\"3670\"><strong data-start=\"3583\" data-end=\"3668\">THE MOST BEAUTIFUL DAY: m\u00fasica, arte y esp\u00edritu mediterr\u00e1neo en el Parc de la Mar<\/strong><\/p>\n<p data-start=\"3672\" data-end=\"3923\">El pr\u00f3ximo <strong data-start=\"3683\" data-end=\"3708\">s\u00e1bado 1 de noviembre<\/strong>, <strong data-start=\"3710\" data-end=\"3719\">Palma<\/strong> celebrar\u00e1 la presentaci\u00f3n oficial de <strong data-start=\"3757\" data-end=\"3790\">L.A\u2019s Music and Arts Festival<\/strong>, bajo el nombre de <strong data-start=\"3810\" data-end=\"3836\">The Most Beautiful Day<\/strong>, un evento gratuito que promete m\u00fasica en directo y gastronom\u00eda frente al mar.<\/p>\n<p data-start=\"3925\" data-end=\"4141\">El <strong data-start=\"3928\" data-end=\"3946\">Parc de la Mar<\/strong> ser\u00e1 el escenario de un cartel encabezado por <strong data-start=\"3993\" data-end=\"4014\">Ben Kweller (USA)<\/strong>, junto a <strong data-start=\"4024\" data-end=\"4032\">L.A.<\/strong>, <strong data-start=\"4034\" data-end=\"4060\">Virginia D\u00edaz (DJ set)<\/strong>, <strong data-start=\"4062\" data-end=\"4082\">Marisol Eichborn<\/strong>, <strong data-start=\"4084\" data-end=\"4097\">The Waves<\/strong>, <strong data-start=\"4099\" data-end=\"4111\">U.R. Bad<\/strong> y <strong data-start=\"4114\" data-end=\"4138\">Heart of Gold DJ Set<\/strong>.<\/p>\n<p data-start=\"4143\" data-end=\"4410\">El p\u00fablico podr\u00e1 disfrutar desde las 12:00 h de food trucks, vinilos, bebida y un ambiente mediterr\u00e1neo \u00fanico.<br data-start=\"4253\" data-end=\"4256\" \/>Una jornada para disfrutar de la m\u00fasica y la energ\u00eda de la ciudad al pie de la Catedral.<\/p>\n","protected":false},"excerpt":{"rendered":"<p>THE MOST BEAUTIFUL DAY: m\u00fasica, arte y esp\u00edritu mediterr\u00e1neo en el Parc de la Mar El pr\u00f3ximo s\u00e1bado 1 de noviembre, Palma celebrar\u00e1 la presentaci\u00f3n oficial de L.A\u2019s Music and Arts Festival, bajo el nombre de The Most Beautiful Day, un evento gratuito que promete m\u00fasica en directo y gastronom\u00eda frente al mar. El Parc [&hellip;]<\/p>\n","protected":false},"author":5,"featured_media":15260,"comment_status":"closed","ping_status":"closed","template":"","tags":[],"mec_category":[270],"class_list":["post-15262","mec-events","type-mec-events","status-publish","has-post-thumbnail","hentry","mec_category-ferias-y-fiestas"],"acf":[],"aioseo_notices":[],"_links":{"self":[{"href":"https:\/\/firesifestes.es\/es\/wp-json\/wp\/v2\/mec-events\/15262","targetHints":{"allow":["GET"]}}],"collection":[{"href":"https:\/\/firesifestes.es\/es\/wp-json\/wp\/v2\/mec-events"}],"about":[{"href":"https:\/\/firesifestes.es\/es\/wp-json\/wp\/v2\/types\/mec-events"}],"author":[{"embeddable":true,"href":"https:\/\/firesifestes.es\/es\/wp-json\/wp\/v2\/users\/5"}],"replies":[{"embeddable":true,"href":"https:\/\/firesifestes.es\/es\/wp-json\/wp\/v2\/comments?post=15262"}],"version-history":[{"count":2,"href":"https:\/\/firesifestes.es\/es\/wp-json\/wp\/v2\/mec-events\/15262\/revisions"}],"predecessor-version":[{"id":15264,"href":"https:\/\/firesifestes.es\/es\/wp-json\/wp\/v2\/mec-events\/15262\/revisions\/15264"}],"wp:featuredmedia":[{"embeddable":true,"href":"https:\/\/firesifestes.es\/es\/wp-json\/wp\/v2\/media\/15260"}],"wp:attachment":[{"href":"https:\/\/firesifestes.es\/es\/wp-json\/wp\/v2\/media?parent=15262"}],"wp:term":[{"taxonomy":"post_tag","embeddable":true,"href":"https:\/\/firesifestes.es\/es\/wp-json\/wp\/v2\/tags?post=15262"},{"taxonomy":"mec_category","embeddable":true,"href":"https:\/\/firesifestes.es\/es\/wp-json\/wp\/v2\/mec_category?post=15262"}],"curies":[{"name":"wp","href":"https:\/\/api.w.org\/{rel}","templated":true}]}}

THE MOST BEAUTIFUL DAY: música en directo en el Parc de la Mar

<p data-start="3583" data-end="3670"><strong data-start="3583" data-end="3668">THE MOST BEAUTIFUL DAY: música, arte y espíritu mediterráneo en el Parc de la Mar</strong></p>
<p data-start="3672" data-end="3923">El próximo <strong data-start="3683" data-end="3708">sábado 1 de noviembre</strong>, <strong data-start="3710" data-end="3719">Palma</strong> celebrará la presentación oficial de <strong data-start="3757" data-end="3790">L.A’s Music and Arts Festival</strong>, bajo el nombre de <strong data-start="3810" data-end="3836">The Most Beautiful Day</strong>, un evento gratuito que promete música en directo y gastronomía frente al mar.</p>
<p data-start="3925" data-end="4141">El <strong data-start="3928" data-end="3946">Parc de la Mar</strong> será el escenario de un cartel encabezado por <strong data-start="3993" data-end="4014">Ben Kweller (USA)</strong>, junto a <strong data-start="4024" data-end="4032">L.A.</strong>, <strong data-start="4034" data-end="4060">Virginia Díaz (DJ set)</strong>, <strong data-start="4062" data-end="4082">Marisol Eichborn</strong>, <strong data-start="4084" data-end="4097">The Waves</strong>, <strong data-start="4099" data-end="4111">U.R. Bad</strong> y <strong data-start="4114" data-end="4138">Heart of Gold DJ Set</strong>.</p>
<p data-start="4143" data-end="4410">El público podrá disfrutar desde las 12:00 h de food trucks, vinilos, bebida y un ambiente mediterráneo único.<br data-start="4253" data-end="4256" />Una jornada para disfrutar de la música y la energía de la ciudad al pie de la Catedral.</p>

<p>THE MOST BEAUTIFUL DAY: música, arte y espíritu mediterráneo en el Parc de la Mar El próximo sábado 1 de noviembre, Palma celebrará la presentación oficial de L.A’s Music and Arts Festival, bajo el nombre de The Most Beautiful Day, un evento gratuito que promete música en directo y gastronomía frente al mar. El Parc [&hellip;]</p>
