{"id":15480,"date":"2025-11-13T19:41:05","date_gmt":"2025-11-13T18:41:05","guid":{"rendered":"https:\/\/firesifestes.es\/evento\/tardeo-de-ceramica-i-vi\/"},"modified":"2025-11-13T19:42:20","modified_gmt":"2025-11-13T18:42:20","slug":"tardeo-de-ceramica-i-vi","status":"publish","type":"mec-events","link":"https:\/\/firesifestes.es\/es\/evento\/tardeo-de-ceramica-i-vi\/","title":{"rendered":"Tardeo de cer\u00e1mica y vino"},"content":{"rendered":"<p>El s\u00e1bado <strong data-start=\"655\" data-end=\"674\">13 de diciembre<\/strong>, desde las <strong data-start=\"686\" data-end=\"697\">16:00 h<\/strong>, <strong data-start=\"699\" data-end=\"745\">Santal (Carrer de la Ind\u00fastria, 15, Palma)<\/strong> propone una tarde creativa de cer\u00e1mica, vino y buena m\u00fasica. Los asistentes podr\u00e1n dise\u00f1ar su propia pieza mientras disfrutan de un ambiente relajado, algo de picoteo y conversaci\u00f3n.<\/p>\n","protected":false},"excerpt":{"rendered":"<p>El s\u00e1bado 13 de diciembre, desde las 16:00 h, Santal (Carrer de la Ind\u00fastria, 15, Palma) propone una tarde creativa de cer\u00e1mica, vino y buena m\u00fasica. Los asistentes podr\u00e1n dise\u00f1ar su propia pieza mientras disfrutan de un ambiente relajado, algo de picoteo y conversaci\u00f3n.<\/p>\n","protected":false},"author":5,"featured_media":15478,"comment_status":"closed","ping_status":"closed","template":"","tags":[],"mec_category":[270],"class_list":["post-15480","mec-events","type-mec-events","status-publish","has-post-thumbnail","hentry","mec_category-ferias-y-fiestas"],"acf":[],"aioseo_notices":[],"_links":{"self":[{"href":"https:\/\/firesifestes.es\/es\/wp-json\/wp\/v2\/mec-events\/15480","targetHints":{"allow":["GET"]}}],"collection":[{"href":"https:\/\/firesifestes.es\/es\/wp-json\/wp\/v2\/mec-events"}],"about":[{"href":"https:\/\/firesifestes.es\/es\/wp-json\/wp\/v2\/types\/mec-events"}],"author":[{"embeddable":true,"href":"https:\/\/firesifestes.es\/es\/wp-json\/wp\/v2\/users\/5"}],"replies":[{"embeddable":true,"href":"https:\/\/firesifestes.es\/es\/wp-json\/wp\/v2\/comments?post=15480"}],"version-history":[{"count":1,"href":"https:\/\/firesifestes.es\/es\/wp-json\/wp\/v2\/mec-events\/15480\/revisions"}],"predecessor-version":[{"id":15481,"href":"https:\/\/firesifestes.es\/es\/wp-json\/wp\/v2\/mec-events\/15480\/revisions\/15481"}],"wp:featuredmedia":[{"embeddable":true,"href":"https:\/\/firesifestes.es\/es\/wp-json\/wp\/v2\/media\/15478"}],"wp:attachment":[{"href":"https:\/\/firesifestes.es\/es\/wp-json\/wp\/v2\/media?parent=15480"}],"wp:term":[{"taxonomy":"post_tag","embeddable":true,"href":"https:\/\/firesifestes.es\/es\/wp-json\/wp\/v2\/tags?post=15480"},{"taxonomy":"mec_category","embeddable":true,"href":"https:\/\/firesifestes.es\/es\/wp-json\/wp\/v2\/mec_category?post=15480"}],"curies":[{"name":"wp","href":"https:\/\/api.w.org\/{rel}","templated":true}]}}

Tardeo de cerámica y vino

<p>El sábado <strong data-start="655" data-end="674">13 de diciembre</strong>, desde las <strong data-start="686" data-end="697">16:00 h</strong>, <strong data-start="699" data-end="745">Santal (Carrer de la Indústria, 15, Palma)</strong> propone una tarde creativa de cerámica, vino y buena música. Los asistentes podrán diseñar su propia pieza mientras disfrutan de un ambiente relajado, algo de picoteo y conversación.</p>

<p>El sábado 13 de diciembre, desde las 16:00 h, Santal (Carrer de la Indústria, 15, Palma) propone una tarde creativa de cerámica, vino y buena música. Los asistentes podrán diseñar su propia pieza mientras disfrutan de un ambiente relajado, algo de picoteo y conversación.</p>
