{"id":15742,"date":"2025-12-15T13:44:20","date_gmt":"2025-12-15T12:44:20","guid":{"rendered":"https:\/\/firesifestes.es\/evento\/concert-especial-de-nadal-de-cap-pela\/"},"modified":"2025-12-15T13:45:32","modified_gmt":"2025-12-15T12:45:32","slug":"concert-especial-de-nadal-de-cap-pela","status":"publish","type":"mec-events","link":"https:\/\/firesifestes.es\/es\/evento\/concert-especial-de-nadal-de-cap-pela\/","title":{"rendered":"Concierto de Navidad de Cap Pela"},"content":{"rendered":"<p>La Bas\u00edlica de Sant Francesc acoger\u00e1 el s\u00e1bado 20 de diciembre, a las 20.30 horas, el concierto especial de Navidad de Cap Pela junto a la Coral Spiritual Mallorca i l\u2019Octava. Una cita musical pensada para dar la bienvenida a las fiestas con armon\u00edas vocales y un repertorio navide\u00f1o en un entorno \u00fanico del centro de Palma.<\/p>\n","protected":false},"excerpt":{"rendered":"<p>La Bas\u00edlica de Sant Francesc acoger\u00e1 el s\u00e1bado 20 de diciembre, a las 20.30 horas, el concierto especial de Navidad de Cap Pela junto a la Coral Spiritual Mallorca i l\u2019Octava. Una cita musical pensada para dar la bienvenida a las fiestas con armon\u00edas vocales y un repertorio navide\u00f1o en un entorno \u00fanico del centro [&hellip;]<\/p>\n","protected":false},"author":5,"featured_media":15740,"comment_status":"closed","ping_status":"closed","template":"","tags":[],"mec_category":[272],"class_list":["post-15742","mec-events","type-mec-events","status-publish","has-post-thumbnail","hentry","mec_category-musica-y-teatro"],"acf":[],"aioseo_notices":[],"_links":{"self":[{"href":"https:\/\/firesifestes.es\/es\/wp-json\/wp\/v2\/mec-events\/15742","targetHints":{"allow":["GET"]}}],"collection":[{"href":"https:\/\/firesifestes.es\/es\/wp-json\/wp\/v2\/mec-events"}],"about":[{"href":"https:\/\/firesifestes.es\/es\/wp-json\/wp\/v2\/types\/mec-events"}],"author":[{"embeddable":true,"href":"https:\/\/firesifestes.es\/es\/wp-json\/wp\/v2\/users\/5"}],"replies":[{"embeddable":true,"href":"https:\/\/firesifestes.es\/es\/wp-json\/wp\/v2\/comments?post=15742"}],"version-history":[{"count":1,"href":"https:\/\/firesifestes.es\/es\/wp-json\/wp\/v2\/mec-events\/15742\/revisions"}],"predecessor-version":[{"id":15743,"href":"https:\/\/firesifestes.es\/es\/wp-json\/wp\/v2\/mec-events\/15742\/revisions\/15743"}],"wp:featuredmedia":[{"embeddable":true,"href":"https:\/\/firesifestes.es\/es\/wp-json\/wp\/v2\/media\/15740"}],"wp:attachment":[{"href":"https:\/\/firesifestes.es\/es\/wp-json\/wp\/v2\/media?parent=15742"}],"wp:term":[{"taxonomy":"post_tag","embeddable":true,"href":"https:\/\/firesifestes.es\/es\/wp-json\/wp\/v2\/tags?post=15742"},{"taxonomy":"mec_category","embeddable":true,"href":"https:\/\/firesifestes.es\/es\/wp-json\/wp\/v2\/mec_category?post=15742"}],"curies":[{"name":"wp","href":"https:\/\/api.w.org\/{rel}","templated":true}]}}

<p>La Basílica de Sant Francesc acogerá el sábado 20 de diciembre, a las 20.30 horas, el concierto especial de Navidad de Cap Pela junto a la Coral Spiritual Mallorca i l’Octava. Una cita musical pensada para dar la bienvenida a las fiestas con armonías vocales y un repertorio navideño en un entorno único del centro de Palma.</p>

<p>La Basílica de Sant Francesc acogerá el sábado 20 de diciembre, a las 20.30 horas, el concierto especial de Navidad de Cap Pela junto a la Coral Spiritual Mallorca i l’Octava. Una cita musical pensada para dar la bienvenida a las fiestas con armonías vocales y un repertorio navideño en un entorno único del centro [&hellip;]</p>
