{"id":15748,"date":"2025-12-15T13:52:17","date_gmt":"2025-12-15T12:52:17","guid":{"rendered":"https:\/\/firesifestes.es\/evento\/the-trip-de-david-fernandez-al-parc-de-les-estacions\/"},"modified":"2025-12-15T13:52:51","modified_gmt":"2025-12-15T12:52:51","slug":"the-trip-de-david-fernandez-al-parc-de-les-estacions","status":"publish","type":"mec-events","link":"https:\/\/firesifestes.es\/es\/evento\/the-trip-de-david-fernandez-al-parc-de-les-estacions\/","title":{"rendered":"The Trip, de David Fern\u00e1ndez, en el Parc de les Estacions"},"content":{"rendered":"<p data-start=\"3225\" data-end=\"3532\">El espect\u00e1culo The Trip, de David Fern\u00e1ndez, llegar\u00e1 al Parc de les Estacions el jueves 26 de diciembre a las 12.30 horas. Una propuesta para todos los p\u00fablicos que mezcla acrobacia, danza, humor y movimiento, invitando al espectador a dejarse llevar por un viaje visual lleno de sorpresas.<\/p>\n<p data-start=\"3534\" data-end=\"3827\">\n","protected":false},"excerpt":{"rendered":"<p>El espect\u00e1culo The Trip, de David Fern\u00e1ndez, llegar\u00e1 al Parc de les Estacions el jueves 26 de diciembre a las 12.30 horas. Una propuesta para todos los p\u00fablicos que mezcla acrobacia, danza, humor y movimiento, invitando al espectador a dejarse llevar por un viaje visual lleno de sorpresas.<\/p>\n","protected":false},"author":5,"featured_media":15746,"comment_status":"closed","ping_status":"closed","template":"","tags":[],"mec_category":[270],"class_list":["post-15748","mec-events","type-mec-events","status-publish","has-post-thumbnail","hentry","mec_category-ferias-y-fiestas"],"acf":[],"aioseo_notices":[],"_links":{"self":[{"href":"https:\/\/firesifestes.es\/es\/wp-json\/wp\/v2\/mec-events\/15748","targetHints":{"allow":["GET"]}}],"collection":[{"href":"https:\/\/firesifestes.es\/es\/wp-json\/wp\/v2\/mec-events"}],"about":[{"href":"https:\/\/firesifestes.es\/es\/wp-json\/wp\/v2\/types\/mec-events"}],"author":[{"embeddable":true,"href":"https:\/\/firesifestes.es\/es\/wp-json\/wp\/v2\/users\/5"}],"replies":[{"embeddable":true,"href":"https:\/\/firesifestes.es\/es\/wp-json\/wp\/v2\/comments?post=15748"}],"version-history":[{"count":1,"href":"https:\/\/firesifestes.es\/es\/wp-json\/wp\/v2\/mec-events\/15748\/revisions"}],"predecessor-version":[{"id":15749,"href":"https:\/\/firesifestes.es\/es\/wp-json\/wp\/v2\/mec-events\/15748\/revisions\/15749"}],"wp:featuredmedia":[{"embeddable":true,"href":"https:\/\/firesifestes.es\/es\/wp-json\/wp\/v2\/media\/15746"}],"wp:attachment":[{"href":"https:\/\/firesifestes.es\/es\/wp-json\/wp\/v2\/media?parent=15748"}],"wp:term":[{"taxonomy":"post_tag","embeddable":true,"href":"https:\/\/firesifestes.es\/es\/wp-json\/wp\/v2\/tags?post=15748"},{"taxonomy":"mec_category","embeddable":true,"href":"https:\/\/firesifestes.es\/es\/wp-json\/wp\/v2\/mec_category?post=15748"}],"curies":[{"name":"wp","href":"https:\/\/api.w.org\/{rel}","templated":true}]}}

The Trip, de David Fernández, en el Parc de les Estacions

<p data-start="3225" data-end="3532">El espectáculo The Trip, de David Fernández, llegará al Parc de les Estacions el jueves 26 de diciembre a las 12.30 horas. Una propuesta para todos los públicos que mezcla acrobacia, danza, humor y movimiento, invitando al espectador a dejarse llevar por un viaje visual lleno de sorpresas.</p>
<p data-start="3534" data-end="3827">

<p>El espectáculo The Trip, de David Fernández, llegará al Parc de les Estacions el jueves 26 de diciembre a las 12.30 horas. Una propuesta para todos los públicos que mezcla acrobacia, danza, humor y movimiento, invitando al espectador a dejarse llevar por un viaje visual lleno de sorpresas.</p>
