{"id":15869,"date":"2026-01-04T16:19:01","date_gmt":"2026-01-04T15:19:01","guid":{"rendered":"https:\/\/firesifestes.es\/evento\/sant-sebastia-2026\/"},"modified":"2026-01-25T18:44:16","modified_gmt":"2026-01-25T17:44:16","slug":"sant-sebastia-2026","status":"publish","type":"mec-events","link":"https:\/\/firesifestes.es\/es\/evento\/sant-sebastia-2026\/","title":{"rendered":"Sant Sebasti\u00e0 2026"},"content":{"rendered":"<p data-start=\"59\" data-end=\"841\">Las <strong data-start=\"63\" data-end=\"96\">Fiestas de Sant Sebasti\u00e0 2026<\/strong> convertir\u00e1n la <strong data-start=\"112\" data-end=\"140\">Pla\u00e7a d\u2019Espanya de Palma<\/strong> en uno de los grandes escenarios musicales de la ciudad con <strong data-start=\"201\" data-end=\"229\">dos conciertos gratuitos<\/strong> que marcar\u00e1n el inicio y uno de los puntos \u00e1lgidos de la celebraci\u00f3n. El <strong data-start=\"303\" data-end=\"318\">16 de enero<\/strong>, la banda internacional <strong data-start=\"343\" data-end=\"384\"><span class=\"hover:entity-accent entity-underline inline cursor-pointer align-baseline\"><span class=\"whitespace-normal\">Crystal Fighters<\/span><\/span><\/strong> ofrecer\u00e1 el <strong data-start=\"397\" data-end=\"420\">concierto inaugural<\/strong> de las fiestas con un directo cargado de energ\u00eda. La programaci\u00f3n continuar\u00e1 el <strong data-start=\"501\" data-end=\"516\">19 de enero<\/strong> con una noche dedicada a la <strong data-start=\"545\" data-end=\"576\">m\u00fasica urbana y electr\u00f3nica<\/strong>, protagonizada por <strong data-start=\"596\" data-end=\"637\"><span class=\"hover:entity-accent entity-underline inline cursor-pointer align-baseline\"><span class=\"whitespace-normal\">Jos\u00e9 de Rico<\/span><\/span><\/strong>, <strong data-start=\"639\" data-end=\"680\"><span class=\"hover:entity-accent entity-underline inline cursor-pointer align-baseline\"><span class=\"whitespace-normal\">Henry M\u00e9ndez<\/span><\/span><\/strong>, <strong data-start=\"682\" data-end=\"723\"><span class=\"hover:entity-accent entity-underline inline cursor-pointer align-baseline\"><span class=\"whitespace-normal\">Danny Romero<\/span><\/span><\/strong> y <strong data-start=\"726\" data-end=\"767\"><span class=\"hover:entity-accent entity-underline inline cursor-pointer align-baseline\"><span class=\"whitespace-normal\">Alex Martini<\/span><\/span><\/strong>, en una doble cita pensada para bailar y vivir Sant Sebasti\u00e0 en la calle.<\/p>\n<h3 data-start=\"843\" data-end=\"858\"><\/h3>\n","protected":false},"excerpt":{"rendered":"<p>Las Fiestas de Sant Sebasti\u00e0 2026 convertir\u00e1n la Pla\u00e7a d\u2019Espanya de Palma en uno de los grandes escenarios musicales de la ciudad con dos conciertos gratuitos que marcar\u00e1n el inicio y uno de los puntos \u00e1lgidos de la celebraci\u00f3n. El 16 de enero, la banda internacional Crystal Fighters ofrecer\u00e1 el concierto inaugural de las fiestas [&hellip;]<\/p>\n","protected":false},"author":5,"featured_media":15867,"comment_status":"closed","ping_status":"closed","template":"","tags":[],"mec_category":[270],"class_list":["post-15869","mec-events","type-mec-events","status-publish","has-post-thumbnail","hentry","mec_category-ferias-y-fiestas"],"acf":[],"aioseo_notices":[],"_links":{"self":[{"href":"https:\/\/firesifestes.es\/es\/wp-json\/wp\/v2\/mec-events\/15869","targetHints":{"allow":["GET"]}}],"collection":[{"href":"https:\/\/firesifestes.es\/es\/wp-json\/wp\/v2\/mec-events"}],"about":[{"href":"https:\/\/firesifestes.es\/es\/wp-json\/wp\/v2\/types\/mec-events"}],"author":[{"embeddable":true,"href":"https:\/\/firesifestes.es\/es\/wp-json\/wp\/v2\/users\/5"}],"replies":[{"embeddable":true,"href":"https:\/\/firesifestes.es\/es\/wp-json\/wp\/v2\/comments?post=15869"}],"version-history":[{"count":1,"href":"https:\/\/firesifestes.es\/es\/wp-json\/wp\/v2\/mec-events\/15869\/revisions"}],"predecessor-version":[{"id":15870,"href":"https:\/\/firesifestes.es\/es\/wp-json\/wp\/v2\/mec-events\/15869\/revisions\/15870"}],"wp:featuredmedia":[{"embeddable":true,"href":"https:\/\/firesifestes.es\/es\/wp-json\/wp\/v2\/media\/15867"}],"wp:attachment":[{"href":"https:\/\/firesifestes.es\/es\/wp-json\/wp\/v2\/media?parent=15869"}],"wp:term":[{"taxonomy":"post_tag","embeddable":true,"href":"https:\/\/firesifestes.es\/es\/wp-json\/wp\/v2\/tags?post=15869"},{"taxonomy":"mec_category","embeddable":true,"href":"https:\/\/firesifestes.es\/es\/wp-json\/wp\/v2\/mec_category?post=15869"}],"curies":[{"name":"wp","href":"https:\/\/api.w.org\/{rel}","templated":true}]}}

Sant Sebastià 2026

<p data-start="59" data-end="841">Las <strong data-start="63" data-end="96">Fiestas de Sant Sebastià 2026</strong> convertirán la <strong data-start="112" data-end="140">Plaça d’Espanya de Palma</strong> en uno de los grandes escenarios musicales de la ciudad con <strong data-start="201" data-end="229">dos conciertos gratuitos</strong> que marcarán el inicio y uno de los puntos álgidos de la celebración. El <strong data-start="303" data-end="318">16 de enero</strong>, la banda internacional <strong data-start="343" data-end="384"><span class="hover:entity-accent entity-underline inline cursor-pointer align-baseline"><span class="whitespace-normal">Crystal Fighters</span></span></strong> ofrecerá el <strong data-start="397" data-end="420">concierto inaugural</strong> de las fiestas con un directo cargado de energía. La programación continuará el <strong data-start="501" data-end="516">19 de enero</strong> con una noche dedicada a la <strong data-start="545" data-end="576">música urbana y electrónica</strong>, protagonizada por <strong data-start="596" data-end="637"><span class="hover:entity-accent entity-underline inline cursor-pointer align-baseline"><span class="whitespace-normal">José de Rico</span></span></strong>, <strong data-start="639" data-end="680"><span class="hover:entity-accent entity-underline inline cursor-pointer align-baseline"><span class="whitespace-normal">Henry Méndez</span></span></strong>, <strong data-start="682" data-end="723"><span class="hover:entity-accent entity-underline inline cursor-pointer align-baseline"><span class="whitespace-normal">Danny Romero</span></span></strong> y <strong data-start="726" data-end="767"><span class="hover:entity-accent entity-underline inline cursor-pointer align-baseline"><span class="whitespace-normal">Alex Martini</span></span></strong>, en una doble cita pensada para bailar y vivir Sant Sebastià en la calle.</p>
<h3 data-start="843" data-end="858"></h3>

<p>Las Fiestas de Sant Sebastià 2026 convertirán la Plaça d’Espanya de Palma en uno de los grandes escenarios musicales de la ciudad con dos conciertos gratuitos que marcarán el inicio y uno de los puntos álgidos de la celebración. El 16 de enero, la banda internacional Crystal Fighters ofrecerá el concierto inaugural de las fiestas [&hellip;]</p>
