{"id":16331,"date":"2026-04-27T20:55:21","date_gmt":"2026-04-27T18:55:21","guid":{"rendered":"https:\/\/firesifestes.es\/evento\/concerts-a-les-festes-de-sant-roc-de-porreres\/"},"modified":"2026-04-27T20:56:15","modified_gmt":"2026-04-27T18:56:15","slug":"concerts-a-les-festes-de-sant-roc-de-porreres","status":"publish","type":"mec-events","link":"https:\/\/firesifestes.es\/es\/evento\/concerts-a-les-festes-de-sant-roc-de-porreres\/","title":{"rendered":"Conciertos en les fiestas de San Roque de Porreres"},"content":{"rendered":"<p>El Parc de n\u2019Hereveta de Porreres acoger\u00e1 el s\u00e1bado 15 de agosto un concierto con Figa Flawas, P\u00e8l de Gall, A\u00e9ro.sol y Bona Ventura, en una noche de m\u00fasica en directo con ambiente festivo.<\/p>\n","protected":false},"excerpt":{"rendered":"<p>El Parc de n\u2019Hereveta de Porreres acoger\u00e1 el s\u00e1bado 15 de agosto un concierto con Figa Flawas, P\u00e8l de Gall, A\u00e9ro.sol y Bona Ventura, en una noche de m\u00fasica en directo con ambiente festivo.<\/p>\n","protected":false},"author":5,"featured_media":16329,"comment_status":"closed","ping_status":"closed","template":"","tags":[],"mec_category":[270],"class_list":["post-16331","mec-events","type-mec-events","status-publish","has-post-thumbnail","hentry","mec_category-ferias-y-fiestas"],"acf":[],"aioseo_notices":[],"_links":{"self":[{"href":"https:\/\/firesifestes.es\/es\/wp-json\/wp\/v2\/mec-events\/16331","targetHints":{"allow":["GET"]}}],"collection":[{"href":"https:\/\/firesifestes.es\/es\/wp-json\/wp\/v2\/mec-events"}],"about":[{"href":"https:\/\/firesifestes.es\/es\/wp-json\/wp\/v2\/types\/mec-events"}],"author":[{"embeddable":true,"href":"https:\/\/firesifestes.es\/es\/wp-json\/wp\/v2\/users\/5"}],"replies":[{"embeddable":true,"href":"https:\/\/firesifestes.es\/es\/wp-json\/wp\/v2\/comments?post=16331"}],"version-history":[{"count":1,"href":"https:\/\/firesifestes.es\/es\/wp-json\/wp\/v2\/mec-events\/16331\/revisions"}],"predecessor-version":[{"id":16332,"href":"https:\/\/firesifestes.es\/es\/wp-json\/wp\/v2\/mec-events\/16331\/revisions\/16332"}],"wp:featuredmedia":[{"embeddable":true,"href":"https:\/\/firesifestes.es\/es\/wp-json\/wp\/v2\/media\/16329"}],"wp:attachment":[{"href":"https:\/\/firesifestes.es\/es\/wp-json\/wp\/v2\/media?parent=16331"}],"wp:term":[{"taxonomy":"post_tag","embeddable":true,"href":"https:\/\/firesifestes.es\/es\/wp-json\/wp\/v2\/tags?post=16331"},{"taxonomy":"mec_category","embeddable":true,"href":"https:\/\/firesifestes.es\/es\/wp-json\/wp\/v2\/mec_category?post=16331"}],"curies":[{"name":"wp","href":"https:\/\/api.w.org\/{rel}","templated":true}]}}

<p>El Parc de n’Hereveta de Porreres acogerá el sábado 15 de agosto un concierto con Figa Flawas, Pèl de Gall, Aéro.sol y Bona Ventura, en una noche de música en directo con ambiente festivo.</p>
