{"id":16341,"date":"2026-04-27T21:02:44","date_gmt":"2026-04-27T19:02:44","guid":{"rendered":"https:\/\/firesifestes.es\/evento\/cap-pela-presenta-nou-disc\/"},"modified":"2026-04-27T21:03:29","modified_gmt":"2026-04-27T19:03:29","slug":"cap-pela-presenta-nou-disc","status":"publish","type":"mec-events","link":"https:\/\/firesifestes.es\/es\/evento\/cap-pela-presenta-nou-disc\/","title":{"rendered":"Cap Pela presenta nuevo disco"},"content":{"rendered":"<p data-start=\"346\" data-end=\"567\">El concierto de Cap Pela con la presentaci\u00f3n del disco <em data-start=\"410\" data-end=\"418\">Morgan<\/em> tendr\u00e1 lugar el s\u00e1bado 23 de mayo de 2026 a las 20:00 horas en el Auditorium de Palma, en una cita muy esperada para los amantes de la m\u00fasica vocal.<\/p>\n<p data-start=\"346\" data-end=\"567\">\n","protected":false},"excerpt":{"rendered":"<p>El concierto de Cap Pela con la presentaci\u00f3n del disco Morgan tendr\u00e1 lugar el s\u00e1bado 23 de mayo de 2026 a las 20:00 horas en el Auditorium de Palma, en una cita muy esperada para los amantes de la m\u00fasica vocal.<\/p>\n","protected":false},"author":5,"featured_media":16242,"comment_status":"closed","ping_status":"closed","template":"","tags":[],"mec_category":[272],"class_list":["post-16341","mec-events","type-mec-events","status-publish","has-post-thumbnail","hentry","mec_category-musica-y-teatro"],"acf":[],"aioseo_notices":[],"_links":{"self":[{"href":"https:\/\/firesifestes.es\/es\/wp-json\/wp\/v2\/mec-events\/16341","targetHints":{"allow":["GET"]}}],"collection":[{"href":"https:\/\/firesifestes.es\/es\/wp-json\/wp\/v2\/mec-events"}],"about":[{"href":"https:\/\/firesifestes.es\/es\/wp-json\/wp\/v2\/types\/mec-events"}],"author":[{"embeddable":true,"href":"https:\/\/firesifestes.es\/es\/wp-json\/wp\/v2\/users\/5"}],"replies":[{"embeddable":true,"href":"https:\/\/firesifestes.es\/es\/wp-json\/wp\/v2\/comments?post=16341"}],"version-history":[{"count":1,"href":"https:\/\/firesifestes.es\/es\/wp-json\/wp\/v2\/mec-events\/16341\/revisions"}],"predecessor-version":[{"id":16342,"href":"https:\/\/firesifestes.es\/es\/wp-json\/wp\/v2\/mec-events\/16341\/revisions\/16342"}],"wp:featuredmedia":[{"embeddable":true,"href":"https:\/\/firesifestes.es\/es\/wp-json\/wp\/v2\/media\/16242"}],"wp:attachment":[{"href":"https:\/\/firesifestes.es\/es\/wp-json\/wp\/v2\/media?parent=16341"}],"wp:term":[{"taxonomy":"post_tag","embeddable":true,"href":"https:\/\/firesifestes.es\/es\/wp-json\/wp\/v2\/tags?post=16341"},{"taxonomy":"mec_category","embeddable":true,"href":"https:\/\/firesifestes.es\/es\/wp-json\/wp\/v2\/mec_category?post=16341"}],"curies":[{"name":"wp","href":"https:\/\/api.w.org\/{rel}","templated":true}]}}

<p data-start="346" data-end="567">El concierto de Cap Pela con la presentación del disco <em data-start="410" data-end="418">Morgan</em> tendrá lugar el sábado 23 de mayo de 2026 a las 20:00 horas en el Auditorium de Palma, en una cita muy esperada para los amantes de la música vocal.</p>
<p data-start="346" data-end="567">

<p>El concierto de Cap Pela con la presentación del disco Morgan tendrá lugar el sábado 23 de mayo de 2026 a las 20:00 horas en el Auditorium de Palma, en una cita muy esperada para los amantes de la música vocal.</p>
