{"id":16347,"date":"2026-04-27T21:06:04","date_gmt":"2026-04-27T19:06:04","guid":{"rendered":"https:\/\/firesifestes.es\/evento\/pollenca-folk-2026\/"},"modified":"2026-04-27T21:06:53","modified_gmt":"2026-04-27T19:06:53","slug":"pollenca-folk-2026","status":"publish","type":"mec-events","link":"https:\/\/firesifestes.es\/es\/evento\/pollenca-folk-2026\/","title":{"rendered":"POLLEN\u00c7A FOLK 2026"},"content":{"rendered":"<p data-start=\"1800\" data-end=\"2040\">El festival <em data-start=\"1821\" data-end=\"1841\">Pollen\u00e7a Folk 2026<\/em> se celebrar\u00e1 el s\u00e1bado 9 de mayo a las 18:00 horas en la plaza Miquel Capllonch del Port de Pollen\u00e7a, con actuaciones de M\u00fasica Nostra, Nou Romancer y Figues d\u2019un altre paner, adem\u00e1s de un correfoc.<\/p>\n<p data-start=\"1800\" data-end=\"2040\">\n","protected":false},"excerpt":{"rendered":"<p>El festival Pollen\u00e7a Folk 2026 se celebrar\u00e1 el s\u00e1bado 9 de mayo a las 18:00 horas en la plaza Miquel Capllonch del Port de Pollen\u00e7a, con actuaciones de M\u00fasica Nostra, Nou Romancer y Figues d\u2019un altre paner, adem\u00e1s de un correfoc.<\/p>\n","protected":false},"author":5,"featured_media":16345,"comment_status":"closed","ping_status":"closed","template":"","tags":[],"mec_category":[272],"class_list":["post-16347","mec-events","type-mec-events","status-publish","has-post-thumbnail","hentry","mec_category-musica-y-teatro"],"acf":[],"aioseo_notices":[],"_links":{"self":[{"href":"https:\/\/firesifestes.es\/es\/wp-json\/wp\/v2\/mec-events\/16347","targetHints":{"allow":["GET"]}}],"collection":[{"href":"https:\/\/firesifestes.es\/es\/wp-json\/wp\/v2\/mec-events"}],"about":[{"href":"https:\/\/firesifestes.es\/es\/wp-json\/wp\/v2\/types\/mec-events"}],"author":[{"embeddable":true,"href":"https:\/\/firesifestes.es\/es\/wp-json\/wp\/v2\/users\/5"}],"replies":[{"embeddable":true,"href":"https:\/\/firesifestes.es\/es\/wp-json\/wp\/v2\/comments?post=16347"}],"version-history":[{"count":1,"href":"https:\/\/firesifestes.es\/es\/wp-json\/wp\/v2\/mec-events\/16347\/revisions"}],"predecessor-version":[{"id":16348,"href":"https:\/\/firesifestes.es\/es\/wp-json\/wp\/v2\/mec-events\/16347\/revisions\/16348"}],"wp:featuredmedia":[{"embeddable":true,"href":"https:\/\/firesifestes.es\/es\/wp-json\/wp\/v2\/media\/16345"}],"wp:attachment":[{"href":"https:\/\/firesifestes.es\/es\/wp-json\/wp\/v2\/media?parent=16347"}],"wp:term":[{"taxonomy":"post_tag","embeddable":true,"href":"https:\/\/firesifestes.es\/es\/wp-json\/wp\/v2\/tags?post=16347"},{"taxonomy":"mec_category","embeddable":true,"href":"https:\/\/firesifestes.es\/es\/wp-json\/wp\/v2\/mec_category?post=16347"}],"curies":[{"name":"wp","href":"https:\/\/api.w.org\/{rel}","templated":true}]}}

POLLENÇA FOLK 2026

<p data-start="1800" data-end="2040">El festival <em data-start="1821" data-end="1841">Pollença Folk 2026</em> se celebrará el sábado 9 de mayo a las 18:00 horas en la plaza Miquel Capllonch del Port de Pollença, con actuaciones de Música Nostra, Nou Romancer y Figues d’un altre paner, además de un correfoc.</p>
<p data-start="1800" data-end="2040">

<p>El festival Pollença Folk 2026 se celebrará el sábado 9 de mayo a las 18:00 horas en la plaza Miquel Capllonch del Port de Pollença, con actuaciones de Música Nostra, Nou Romancer y Figues d’un altre paner, además de un correfoc.</p>
