{"id":16378,"date":"2026-04-30T09:47:00","date_gmt":"2026-04-30T07:47:00","guid":{"rendered":"https:\/\/firesifestes.es\/evento\/juan-campos-posa-el-final-a-una-tarda-de-musica-al-parc-de-la-mar\/"},"modified":"2026-04-30T09:47:55","modified_gmt":"2026-04-30T07:47:55","slug":"juan-campos-posa-el-final-a-una-tarda-de-musica-al-parc-de-la-mar","status":"publish","type":"mec-events","link":"https:\/\/firesifestes.es\/es\/evento\/juan-campos-posa-el-final-a-una-tarda-de-musica-al-parc-de-la-mar\/","title":{"rendered":"Juan Campos cierra una tarde de m\u00fasica en el Parc de la Mar"},"content":{"rendered":"<section class=\"text-token-text-primary w-full focus:outline-none [--shadow-height:45px] has-data-writing-block:pointer-events-none has-data-writing-block:-mt-(--shadow-height) has-data-writing-block:pt-(--shadow-height) [&amp;:has([data-writing-block])&gt;*]:pointer-events-auto [content-visibility:auto] supports-[content-visibility:auto]:[contain-intrinsic-size:auto_100lvh] R6Vx5W_threadScrollVars scroll-mb-[calc(var(--scroll-root-safe-area-inset-bottom,0px)+var(--thread-response-height))] scroll-mt-[calc(var(--header-height)+min(200px,max(70px,20svh)))]\" dir=\"auto\" data-turn-id=\"request-69ec9e54-315c-8385-8a84-6e228412a1bf-32\" data-testid=\"conversation-turn-90\" data-scroll-anchor=\"false\" data-turn=\"assistant\">\n<div class=\"text-base my-auto mx-auto pb-10 [--thread-content-margin:var(--thread-content-margin-xs,calc(var(--spacing)*4))] @w-sm\/main:[--thread-content-margin:var(--thread-content-margin-sm,calc(var(--spacing)*6))] @w-lg\/main:[--thread-content-margin:var(--thread-content-margin-lg,calc(var(--spacing)*16))] px-(--thread-content-margin)\">\n<div class=\"[--thread-content-max-width:40rem] @w-lg\/main:[--thread-content-max-width:48rem] mx-auto max-w-(--thread-content-max-width) flex-1 group\/turn-messages focus-visible:outline-hidden relative flex w-full min-w-0 flex-col agent-turn\">\n<div class=\"flex max-w-full flex-col gap-4 grow\">\n<div class=\"min-h-8 text-message relative flex w-full flex-col items-end gap-2 text-start break-words whitespace-normal outline-none keyboard-focused:focus-ring [.text-message+&amp;]:mt-1\" dir=\"auto\" tabindex=\"0\" data-message-author-role=\"assistant\" data-message-id=\"c8e0da48-63f8-4fcd-9ff9-4cb783c96279\" data-message-model-slug=\"gpt-5-3\" data-turn-start-message=\"true\">\n<div class=\"flex w-full flex-col gap-1 empty:hidden\">\n<div class=\"markdown prose dark:prose-invert w-full wrap-break-word light markdown-new-styling\">\n<p data-start=\"641\" data-end=\"1011\" data-is-last-node=\"\" data-is-only-node=\"\">El<strong> jueves 30 de abril<\/strong>, el Parc de la Mar se convierte en uno de los epicentros del ambiente en Palma con una jornada pensada para salir y disfrutar. Dentro de la programaci\u00f3n de Be Palma, desde las 18:00 h actuar\u00e1n Miquel Font, Peter Manyaku, Carlos Mayans y ser\u00e1 Juan Campos quien cierre la jornada, poniendo el broche final a una tarde que va creciendo hasta la noche.<\/p>\n<\/div>\n<\/div>\n<\/div>\n<\/div>\n<div class=\"z-0 flex min-h-[46px] justify-start\"><\/div>\n<div class=\"mt-3 w-full empty:hidden\">\n<div class=\"text-center\"><\/div>\n<\/div>\n<\/div>\n<\/div>\n<\/section>\n<div class=\"pointer-events-none -mt-px h-px translate-y-[calc(var(--scroll-root-safe-area-inset-bottom)-14*var(--spacing))]\" aria-hidden=\"true\"><\/div>\n","protected":false},"excerpt":{"rendered":"<p>El jueves 30 de abril, el Parc de la Mar se convierte en uno de los epicentros del ambiente en Palma con una jornada pensada para salir y disfrutar. Dentro de la programaci\u00f3n de Be Palma, desde las 18:00 h actuar\u00e1n Miquel Font, Peter Manyaku, Carlos Mayans y ser\u00e1 Juan Campos quien cierre la jornada, [&hellip;]<\/p>\n","protected":false},"author":5,"featured_media":16376,"comment_status":"closed","ping_status":"closed","template":"","tags":[],"mec_category":[270],"class_list":["post-16378","mec-events","type-mec-events","status-publish","has-post-thumbnail","hentry","mec_category-ferias-y-fiestas"],"acf":[],"aioseo_notices":[],"_links":{"self":[{"href":"https:\/\/firesifestes.es\/es\/wp-json\/wp\/v2\/mec-events\/16378","targetHints":{"allow":["GET"]}}],"collection":[{"href":"https:\/\/firesifestes.es\/es\/wp-json\/wp\/v2\/mec-events"}],"about":[{"href":"https:\/\/firesifestes.es\/es\/wp-json\/wp\/v2\/types\/mec-events"}],"author":[{"embeddable":true,"href":"https:\/\/firesifestes.es\/es\/wp-json\/wp\/v2\/users\/5"}],"replies":[{"embeddable":true,"href":"https:\/\/firesifestes.es\/es\/wp-json\/wp\/v2\/comments?post=16378"}],"version-history":[{"count":1,"href":"https:\/\/firesifestes.es\/es\/wp-json\/wp\/v2\/mec-events\/16378\/revisions"}],"predecessor-version":[{"id":16379,"href":"https:\/\/firesifestes.es\/es\/wp-json\/wp\/v2\/mec-events\/16378\/revisions\/16379"}],"wp:featuredmedia":[{"embeddable":true,"href":"https:\/\/firesifestes.es\/es\/wp-json\/wp\/v2\/media\/16376"}],"wp:attachment":[{"href":"https:\/\/firesifestes.es\/es\/wp-json\/wp\/v2\/media?parent=16378"}],"wp:term":[{"taxonomy":"post_tag","embeddable":true,"href":"https:\/\/firesifestes.es\/es\/wp-json\/wp\/v2\/tags?post=16378"},{"taxonomy":"mec_category","embeddable":true,"href":"https:\/\/firesifestes.es\/es\/wp-json\/wp\/v2\/mec_category?post=16378"}],"curies":[{"name":"wp","href":"https:\/\/api.w.org\/{rel}","templated":true}]}}

Juan Campos cierra una tarde de música en el Parc de la Mar

<section class="text-token-text-primary w-full focus:outline-none [--shadow-height:45px] has-data-writing-block:pointer-events-none has-data-writing-block:-mt-(--shadow-height) has-data-writing-block:pt-(--shadow-height) [&amp;:has([data-writing-block])&gt;*]:pointer-events-auto [content-visibility:auto] supports-[content-visibility:auto]:[contain-intrinsic-size:auto_100lvh] R6Vx5W_threadScrollVars scroll-mb-[calc(var(--scroll-root-safe-area-inset-bottom,0px)+var(--thread-response-height))] scroll-mt-[calc(var(--header-height)+min(200px,max(70px,20svh)))]" dir="auto" data-turn-id="request-69ec9e54-315c-8385-8a84-6e228412a1bf-32" data-testid="conversation-turn-90" data-scroll-anchor="false" data-turn="assistant">
<div class="text-base my-auto mx-auto pb-10 [--thread-content-margin:var(--thread-content-margin-xs,calc(var(--spacing)*4))] @w-sm/main:[--thread-content-margin:var(--thread-content-margin-sm,calc(var(--spacing)*6))] @w-lg/main:[--thread-content-margin:var(--thread-content-margin-lg,calc(var(--spacing)*16))] px-(--thread-content-margin)">
<div class="[--thread-content-max-width:40rem] @w-lg/main:[--thread-content-max-width:48rem] mx-auto max-w-(--thread-content-max-width) flex-1 group/turn-messages focus-visible:outline-hidden relative flex w-full min-w-0 flex-col agent-turn">
<div class="flex max-w-full flex-col gap-4 grow">
<div class="min-h-8 text-message relative flex w-full flex-col items-end gap-2 text-start break-words whitespace-normal outline-none keyboard-focused:focus-ring [.text-message+&amp;]:mt-1" dir="auto" tabindex="0" data-message-author-role="assistant" data-message-id="c8e0da48-63f8-4fcd-9ff9-4cb783c96279" data-message-model-slug="gpt-5-3" data-turn-start-message="true">
<div class="flex w-full flex-col gap-1 empty:hidden">
<div class="markdown prose dark:prose-invert w-full wrap-break-word light markdown-new-styling">
<p data-start="641" data-end="1011" data-is-last-node="" data-is-only-node="">El<strong> jueves 30 de abril</strong>, el Parc de la Mar se convierte en uno de los epicentros del ambiente en Palma con una jornada pensada para salir y disfrutar. Dentro de la programación de Be Palma, desde las 18:00 h actuarán Miquel Font, Peter Manyaku, Carlos Mayans y será Juan Campos quien cierre la jornada, poniendo el broche final a una tarde que va creciendo hasta la noche.</p>
</div>
</div>
</div>
</div>
<div class="z-0 flex min-h-[46px] justify-start"></div>
<div class="mt-3 w-full empty:hidden">
<div class="text-center"></div>
</div>
</div>
</div>
</section>
<div class="pointer-events-none -mt-px h-px translate-y-[calc(var(--scroll-root-safe-area-inset-bottom)-14*var(--spacing))]" aria-hidden="true"></div>

<p>El jueves 30 de abril, el Parc de la Mar se convierte en uno de los epicentros del ambiente en Palma con una jornada pensada para salir y disfrutar. Dentro de la programación de Be Palma, desde las 18:00 h actuarán Miquel Font, Peter Manyaku, Carlos Mayans y será Juan Campos quien cierre la jornada, [&hellip;]</p>
