{"id":16384,"date":"2026-04-30T09:55:26","date_gmt":"2026-04-30T07:55:26","guid":{"rendered":"https:\/\/firesifestes.es\/evento\/tarda-de-djs-per-celebrar-es-1-de-maig\/"},"modified":"2026-04-30T09:56:24","modified_gmt":"2026-04-30T07:56:24","slug":"tarda-de-djs-per-celebrar-es-1-de-maig","status":"publish","type":"mec-events","link":"https:\/\/firesifestes.es\/es\/evento\/tarda-de-djs-per-celebrar-es-1-de-maig\/","title":{"rendered":"Tarde de DJ\u2019s para celebrar el 1 de mayo"},"content":{"rendered":"<section class=\"text-token-text-primary w-full focus:outline-none [--shadow-height:45px] has-data-writing-block:pointer-events-none has-data-writing-block:-mt-(--shadow-height) has-data-writing-block:pt-(--shadow-height) [&amp;:has([data-writing-block])&gt;*]:pointer-events-auto [content-visibility:auto] supports-[content-visibility:auto]:[contain-intrinsic-size:auto_100lvh] R6Vx5W_threadScrollVars scroll-mb-[calc(var(--scroll-root-safe-area-inset-bottom,0px)+var(--thread-response-height))] scroll-mt-[calc(var(--header-height)+min(200px,max(70px,20svh)))]\" dir=\"auto\" data-turn-id=\"request-69ec9e54-315c-8385-8a84-6e228412a1bf-34\" data-testid=\"conversation-turn-94\" data-scroll-anchor=\"false\" data-turn=\"assistant\">\n<div class=\"text-base my-auto mx-auto pb-10 [--thread-content-margin:var(--thread-content-margin-xs,calc(var(--spacing)*4))] @w-sm\/main:[--thread-content-margin:var(--thread-content-margin-sm,calc(var(--spacing)*6))] @w-lg\/main:[--thread-content-margin:var(--thread-content-margin-lg,calc(var(--spacing)*16))] px-(--thread-content-margin)\">\n<div class=\"[--thread-content-max-width:40rem] @w-lg\/main:[--thread-content-max-width:48rem] mx-auto max-w-(--thread-content-max-width) flex-1 group\/turn-messages focus-visible:outline-hidden relative flex w-full min-w-0 flex-col agent-turn\">\n<div class=\"flex max-w-full flex-col gap-4 grow\">\n<div class=\"min-h-8 text-message relative flex w-full flex-col items-end gap-2 text-start break-words whitespace-normal outline-none keyboard-focused:focus-ring [.text-message+&amp;]:mt-1\" dir=\"auto\" tabindex=\"0\" data-message-author-role=\"assistant\" data-message-id=\"6e7e3beb-6c80-43d3-b9c8-a0a4b64fe089\" data-message-model-slug=\"gpt-5-3\" data-turn-start-message=\"true\">\n<div class=\"flex w-full flex-col gap-1 empty:hidden\">\n<div class=\"markdown prose dark:prose-invert w-full wrap-break-word light markdown-new-styling\">\n<p data-start=\"580\" data-end=\"901\" data-is-last-node=\"\" data-is-only-node=\"\">El <strong>viernes 1 de mayo<\/strong>, el Parc de la Mar ser\u00e1 uno de los puntos con m\u00e1s ambiente de Palma con una jornada que combina m\u00fasica y ganas de salir. Dentro de la programaci\u00f3n de Be Palma, actuar\u00e1n El\u00edas S\u00e1nchez, Miquel Font y el d\u00fao Antto Cabanellas &amp; Biel Castell, en una propuesta pensada para alargar la tarde hasta la noche.<\/p>\n<\/div>\n<\/div>\n<\/div>\n<\/div>\n<div class=\"z-0 flex min-h-[46px] justify-start\"><\/div>\n<div class=\"mt-3 w-full empty:hidden\">\n<div class=\"text-center\"><\/div>\n<\/div>\n<\/div>\n<\/div>\n<\/section>\n<div class=\"pointer-events-none -mt-px h-px translate-y-[calc(var(--scroll-root-safe-area-inset-bottom)-14*var(--spacing))]\" aria-hidden=\"true\"><\/div>\n","protected":false},"excerpt":{"rendered":"<p>El viernes 1 de mayo, el Parc de la Mar ser\u00e1 uno de los puntos con m\u00e1s ambiente de Palma con una jornada que combina m\u00fasica y ganas de salir. Dentro de la programaci\u00f3n de Be Palma, actuar\u00e1n El\u00edas S\u00e1nchez, Miquel Font y el d\u00fao Antto Cabanellas &amp; Biel Castell, en una propuesta pensada para [&hellip;]<\/p>\n","protected":false},"author":5,"featured_media":16382,"comment_status":"closed","ping_status":"closed","template":"","tags":[],"mec_category":[270],"class_list":["post-16384","mec-events","type-mec-events","status-publish","has-post-thumbnail","hentry","mec_category-ferias-y-fiestas"],"acf":[],"aioseo_notices":[],"_links":{"self":[{"href":"https:\/\/firesifestes.es\/es\/wp-json\/wp\/v2\/mec-events\/16384","targetHints":{"allow":["GET"]}}],"collection":[{"href":"https:\/\/firesifestes.es\/es\/wp-json\/wp\/v2\/mec-events"}],"about":[{"href":"https:\/\/firesifestes.es\/es\/wp-json\/wp\/v2\/types\/mec-events"}],"author":[{"embeddable":true,"href":"https:\/\/firesifestes.es\/es\/wp-json\/wp\/v2\/users\/5"}],"replies":[{"embeddable":true,"href":"https:\/\/firesifestes.es\/es\/wp-json\/wp\/v2\/comments?post=16384"}],"version-history":[{"count":1,"href":"https:\/\/firesifestes.es\/es\/wp-json\/wp\/v2\/mec-events\/16384\/revisions"}],"predecessor-version":[{"id":16385,"href":"https:\/\/firesifestes.es\/es\/wp-json\/wp\/v2\/mec-events\/16384\/revisions\/16385"}],"wp:featuredmedia":[{"embeddable":true,"href":"https:\/\/firesifestes.es\/es\/wp-json\/wp\/v2\/media\/16382"}],"wp:attachment":[{"href":"https:\/\/firesifestes.es\/es\/wp-json\/wp\/v2\/media?parent=16384"}],"wp:term":[{"taxonomy":"post_tag","embeddable":true,"href":"https:\/\/firesifestes.es\/es\/wp-json\/wp\/v2\/tags?post=16384"},{"taxonomy":"mec_category","embeddable":true,"href":"https:\/\/firesifestes.es\/es\/wp-json\/wp\/v2\/mec_category?post=16384"}],"curies":[{"name":"wp","href":"https:\/\/api.w.org\/{rel}","templated":true}]}}

<section class="text-token-text-primary w-full focus:outline-none [--shadow-height:45px] has-data-writing-block:pointer-events-none has-data-writing-block:-mt-(--shadow-height) has-data-writing-block:pt-(--shadow-height) [&amp;:has([data-writing-block])&gt;*]:pointer-events-auto [content-visibility:auto] supports-[content-visibility:auto]:[contain-intrinsic-size:auto_100lvh] R6Vx5W_threadScrollVars scroll-mb-[calc(var(--scroll-root-safe-area-inset-bottom,0px)+var(--thread-response-height))] scroll-mt-[calc(var(--header-height)+min(200px,max(70px,20svh)))]" dir="auto" data-turn-id="request-69ec9e54-315c-8385-8a84-6e228412a1bf-34" data-testid="conversation-turn-94" data-scroll-anchor="false" data-turn="assistant">
<div class="text-base my-auto mx-auto pb-10 [--thread-content-margin:var(--thread-content-margin-xs,calc(var(--spacing)*4))] @w-sm/main:[--thread-content-margin:var(--thread-content-margin-sm,calc(var(--spacing)*6))] @w-lg/main:[--thread-content-margin:var(--thread-content-margin-lg,calc(var(--spacing)*16))] px-(--thread-content-margin)">
<div class="[--thread-content-max-width:40rem] @w-lg/main:[--thread-content-max-width:48rem] mx-auto max-w-(--thread-content-max-width) flex-1 group/turn-messages focus-visible:outline-hidden relative flex w-full min-w-0 flex-col agent-turn">
<div class="flex max-w-full flex-col gap-4 grow">
<div class="min-h-8 text-message relative flex w-full flex-col items-end gap-2 text-start break-words whitespace-normal outline-none keyboard-focused:focus-ring [.text-message+&amp;]:mt-1" dir="auto" tabindex="0" data-message-author-role="assistant" data-message-id="6e7e3beb-6c80-43d3-b9c8-a0a4b64fe089" data-message-model-slug="gpt-5-3" data-turn-start-message="true">
<div class="flex w-full flex-col gap-1 empty:hidden">
<div class="markdown prose dark:prose-invert w-full wrap-break-word light markdown-new-styling">
<p data-start="580" data-end="901" data-is-last-node="" data-is-only-node="">El <strong>viernes 1 de mayo</strong>, el Parc de la Mar será uno de los puntos con más ambiente de Palma con una jornada que combina música y ganas de salir. Dentro de la programación de Be Palma, actuarán Elías Sánchez, Miquel Font y el dúo Antto Cabanellas &amp; Biel Castell, en una propuesta pensada para alargar la tarde hasta la noche.</p>
</div>
</div>
</div>
</div>
<div class="z-0 flex min-h-[46px] justify-start"></div>
<div class="mt-3 w-full empty:hidden">
<div class="text-center"></div>
</div>
</div>
</div>
</section>
<div class="pointer-events-none -mt-px h-px translate-y-[calc(var(--scroll-root-safe-area-inset-bottom)-14*var(--spacing))]" aria-hidden="true"></div>

<p>El viernes 1 de mayo, el Parc de la Mar será uno de los puntos con más ambiente de Palma con una jornada que combina música y ganas de salir. Dentro de la programación de Be Palma, actuarán Elías Sánchez, Miquel Font y el dúo Antto Cabanellas &amp; Biel Castell, en una propuesta pensada para [&hellip;]</p>
