{"id":16390,"date":"2026-04-30T10:01:31","date_gmt":"2026-04-30T08:01:31","guid":{"rendered":"https:\/\/firesifestes.es\/evento\/artesania-local-amb-vista-a-la-mar\/"},"modified":"2026-04-30T10:08:31","modified_gmt":"2026-04-30T08:08:31","slug":"artesania-local-amb-vista-a-la-mar","status":"publish","type":"mec-events","link":"https:\/\/firesifestes.es\/es\/evento\/artesania-local-amb-vista-a-la-mar\/","title":{"rendered":"Artesan\u00eda local frente al mar"},"content":{"rendered":"<p data-start=\"792\" data-end=\"1272\">Del <strong>29 de abril al 3 de mayo<\/strong>, el Parc de la Mar acoge una propuesta que va mucho m\u00e1s all\u00e1 de la m\u00fasica y el ambiente: dentro de Be Palma, la zona de artesan\u00eda se convierte en un espacio imprescindible para descubrir productos elaborados a mano por artesanos locales. Entre puestos y ambiente de feria, los visitantes pueden pasear sin prisas, conocer el trabajo de creadores de la isla y encontrar piezas \u00fanicas en un entorno privilegiado frente a la Catedral y con entrada libre.<\/p>\n","protected":false},"excerpt":{"rendered":"<p>Del 29 de abril al 3 de mayo, el Parc de la Mar acoge una propuesta que va mucho m\u00e1s all\u00e1 de la m\u00fasica y el ambiente: dentro de Be Palma, la zona de artesan\u00eda se convierte en un espacio imprescindible para descubrir productos elaborados a mano por artesanos locales. Entre puestos y ambiente de [&hellip;]<\/p>\n","protected":false},"author":5,"featured_media":16388,"comment_status":"closed","ping_status":"closed","template":"","tags":[],"mec_category":[271],"class_list":["post-16390","mec-events","type-mec-events","status-publish","has-post-thumbnail","hentry","mec_category-mercados"],"acf":[],"aioseo_notices":[],"_links":{"self":[{"href":"https:\/\/firesifestes.es\/es\/wp-json\/wp\/v2\/mec-events\/16390","targetHints":{"allow":["GET"]}}],"collection":[{"href":"https:\/\/firesifestes.es\/es\/wp-json\/wp\/v2\/mec-events"}],"about":[{"href":"https:\/\/firesifestes.es\/es\/wp-json\/wp\/v2\/types\/mec-events"}],"author":[{"embeddable":true,"href":"https:\/\/firesifestes.es\/es\/wp-json\/wp\/v2\/users\/5"}],"replies":[{"embeddable":true,"href":"https:\/\/firesifestes.es\/es\/wp-json\/wp\/v2\/comments?post=16390"}],"version-history":[{"count":1,"href":"https:\/\/firesifestes.es\/es\/wp-json\/wp\/v2\/mec-events\/16390\/revisions"}],"predecessor-version":[{"id":16391,"href":"https:\/\/firesifestes.es\/es\/wp-json\/wp\/v2\/mec-events\/16390\/revisions\/16391"}],"wp:featuredmedia":[{"embeddable":true,"href":"https:\/\/firesifestes.es\/es\/wp-json\/wp\/v2\/media\/16388"}],"wp:attachment":[{"href":"https:\/\/firesifestes.es\/es\/wp-json\/wp\/v2\/media?parent=16390"}],"wp:term":[{"taxonomy":"post_tag","embeddable":true,"href":"https:\/\/firesifestes.es\/es\/wp-json\/wp\/v2\/tags?post=16390"},{"taxonomy":"mec_category","embeddable":true,"href":"https:\/\/firesifestes.es\/es\/wp-json\/wp\/v2\/mec_category?post=16390"}],"curies":[{"name":"wp","href":"https:\/\/api.w.org\/{rel}","templated":true}]}}

Artesanía local frente al mar

<p data-start="792" data-end="1272">Del <strong>29 de abril al 3 de mayo</strong>, el Parc de la Mar acoge una propuesta que va mucho más allá de la música y el ambiente: dentro de Be Palma, la zona de artesanía se convierte en un espacio imprescindible para descubrir productos elaborados a mano por artesanos locales. Entre puestos y ambiente de feria, los visitantes pueden pasear sin prisas, conocer el trabajo de creadores de la isla y encontrar piezas únicas en un entorno privilegiado frente a la Catedral y con entrada libre.</p>

<p>Del 29 de abril al 3 de mayo, el Parc de la Mar acoge una propuesta que va mucho más allá de la música y el ambiente: dentro de Be Palma, la zona de artesanía se convierte en un espacio imprescindible para descubrir productos elaborados a mano por artesanos locales. Entre puestos y ambiente de [&hellip;]</p>
